CRAN Package Check Results for Package parsemsf

Last updated on 2020-08-07 01:49:54 CEST.

Flavor Version Tinstall Tcheck Ttotal Status Flags
r-devel-linux-x86_64-debian-clang 0.1.1 4.13 52.55 56.68 OK
r-devel-linux-x86_64-debian-gcc 0.1.1 3.20 39.45 42.65 OK
r-devel-linux-x86_64-fedora-clang 0.1.1 74.44 NOTE
r-devel-linux-x86_64-fedora-gcc 0.1.1 65.19 NOTE
r-devel-windows-ix86+x86_64 0.1.1 20.00 98.00 118.00 OK
r-patched-linux-x86_64 0.1.1 4.50 50.51 55.01 OK
r-patched-solaris-x86 0.1.1 109.80 NOTE
r-release-linux-x86_64 0.1.1 4.18 52.57 56.75 OK
r-release-macos-x86_64 0.1.1 NOTE
r-release-windows-ix86+x86_64 0.1.1 17.00 63.00 80.00 OK
r-oldrel-macos-x86_64 0.1.1 NOTE
r-oldrel-windows-ix86+x86_64 0.1.1 9.00 62.00 71.00 OK

Check Details

Version: 0.1.1
Check: dependencies in R code
Result: NOTE
    Namespace in Imports field not imported from: ‘dbplyr’
     All declared Imports should be used.
Flavors: r-devel-linux-x86_64-fedora-clang, r-devel-linux-x86_64-fedora-gcc, r-patched-solaris-x86, r-release-macos-x86_64, r-oldrel-macos-x86_64