Last updated on 2020-08-07 01:50:05 CEST.
Flavor | Version | Tinstall | Tcheck | Ttotal | Status | Flags |
---|---|---|---|---|---|---|
r-devel-linux-x86_64-debian-clang | 0.2 | 29.77 | 54.53 | 84.30 | NOTE | |
r-devel-linux-x86_64-debian-gcc | 0.2 | 20.77 | 38.50 | 59.27 | NOTE | |
r-devel-linux-x86_64-fedora-clang | 0.2 | 121.22 | OK | |||
r-devel-linux-x86_64-fedora-gcc | 0.2 | 96.48 | OK | |||
r-devel-windows-ix86+x86_64 | 0.2 | 70.00 | 82.00 | 152.00 | NOTE | |
r-patched-linux-x86_64 | 0.2 | 20.94 | 49.86 | 70.80 | NOTE | |
r-patched-solaris-x86 | 0.2 | 126.70 | OK | |||
r-release-linux-x86_64 | 0.2 | 23.79 | 49.14 | 72.93 | NOTE | |
r-release-macos-x86_64 | 0.2 | OK | ||||
r-release-windows-ix86+x86_64 | 0.2 | 69.00 | 117.00 | 186.00 | NOTE | |
r-oldrel-macos-x86_64 | 0.2 | OK | ||||
r-oldrel-windows-ix86+x86_64 | 0.2 | 51.00 | 83.00 | 134.00 | OK |
Version: 0.2
Check: package vignettes
Result: NOTE
Package vignette with placeholder title 'Vignette Title':
'xyz-vignette.Rmd'
Flavors: r-devel-linux-x86_64-debian-clang, r-devel-linux-x86_64-debian-gcc, r-devel-windows-ix86+x86_64, r-patched-linux-x86_64, r-release-linux-x86_64, r-release-windows-ix86+x86_64