Last updated on 2020-08-07 01:50:05 CEST.
Flavor | Version | Tinstall | Tcheck | Ttotal | Status | Flags |
---|---|---|---|---|---|---|
r-devel-linux-x86_64-debian-clang | 0.1.11 | 6.69 | 55.12 | 61.81 | OK | |
r-devel-linux-x86_64-debian-gcc | 0.1.11 | 6.26 | 41.97 | 48.23 | OK | |
r-devel-linux-x86_64-fedora-clang | 0.1.11 | 90.98 | OK | |||
r-devel-linux-x86_64-fedora-gcc | 0.1.11 | 73.44 | OK | |||
r-devel-windows-ix86+x86_64 | 0.1.11 | 22.00 | 73.00 | 95.00 | OK | |
r-patched-linux-x86_64 | 0.1.11 | 5.77 | 53.77 | 59.54 | OK | |
r-patched-solaris-x86 | 0.1.11 | 100.40 | NOTE | |||
r-release-linux-x86_64 | 0.1.11 | 6.71 | 54.20 | 60.91 | OK | |
r-release-macos-x86_64 | 0.1.11 | NOTE | ||||
r-release-windows-ix86+x86_64 | 0.1.11 | 19.00 | 107.00 | 126.00 | OK | |
r-oldrel-macos-x86_64 | 0.1.11 | NOTE | ||||
r-oldrel-windows-ix86+x86_64 | 0.1.11 | 10.00 | 72.00 | 82.00 | OK |
Version: 0.1.11
Check: package dependencies
Result: NOTE
Packages suggested but not available for checking: 'ChemmineR', 'fmcsR'
Flavors: r-patched-solaris-x86, r-release-macos-x86_64, r-oldrel-macos-x86_64