CRAN Package Check Results for Package vdiffr

Last updated on 2020-08-07 01:50:05 CEST.

Flavor Version Tinstall Tcheck Ttotal Status Flags
r-devel-linux-x86_64-debian-clang 0.3.2.2 40.70 35.40 76.10 OK
r-devel-linux-x86_64-debian-gcc 0.3.2.2 29.77 27.82 57.59 OK
r-devel-linux-x86_64-fedora-clang 0.3.2.2 113.04 NOTE
r-devel-linux-x86_64-fedora-gcc 0.3.2.2 94.14 NOTE
r-devel-windows-ix86+x86_64 0.3.2.1 122.00 74.00 196.00 OK
r-patched-linux-x86_64 0.3.2.2 31.52 51.99 83.51 OK
r-patched-solaris-x86 0.3.2.2 134.00 NOTE
r-release-linux-x86_64 0.3.2.2 30.61 51.55 82.16 OK
r-release-macos-x86_64 0.3.2.2 NOTE
r-release-windows-ix86+x86_64 0.3.2.2 120.00 170.00 290.00 OK
r-oldrel-macos-x86_64 0.3.2.2 NOTE
r-oldrel-windows-ix86+x86_64 0.3.2.2 71.00 259.00 330.00 OK

Check Details

Version: 0.3.2.2
Check: dependencies in R code
Result: NOTE
    Namespace in Imports field not imported from: ‘freetypeharfbuzz’
     All declared Imports should be used.
Flavors: r-devel-linux-x86_64-fedora-clang, r-devel-linux-x86_64-fedora-gcc, r-patched-solaris-x86, r-release-macos-x86_64, r-oldrel-macos-x86_64