Last updated on 2020-08-07 01:50:04 CEST.
Flavor | Version | Tinstall | Tcheck | Ttotal | Status | Flags |
---|---|---|---|---|---|---|
r-devel-linux-x86_64-debian-clang | 0.12-2 | 93.43 | 70.50 | 163.93 | OK | |
r-devel-linux-x86_64-debian-gcc | 0.12-2 | 69.20 | 52.90 | 122.10 | OK | |
r-devel-linux-x86_64-fedora-clang | 0.12-2 | 232.18 | NOTE | |||
r-devel-linux-x86_64-fedora-gcc | 0.12-2 | 198.15 | OK | |||
r-devel-windows-ix86+x86_64 | 0.12-2 | 238.00 | 136.00 | 374.00 | OK | |
r-patched-linux-x86_64 | 0.12-2 | 72.30 | 68.61 | 140.91 | OK | |
r-patched-solaris-x86 | 0.12-2 | 217.20 | OK | |||
r-release-linux-x86_64 | 0.12-2 | 68.52 | 68.98 | 137.50 | OK | |
r-release-macos-x86_64 | 0.12-2 | NOTE | ||||
r-release-windows-ix86+x86_64 | 0.12-2 | 235.00 | 163.00 | 398.00 | OK | |
r-oldrel-macos-x86_64 | 0.12-2 | NOTE | ||||
r-oldrel-windows-ix86+x86_64 | 0.12-2 | 159.00 | 138.00 | 297.00 | OK |
Version: 0.12-2
Check: installed package size
Result: NOTE
installed size is 6.5Mb
sub-directories of 1Mb or more:
libs 5.9Mb
Flavors: r-devel-linux-x86_64-fedora-clang, r-release-macos-x86_64, r-oldrel-macos-x86_64