Last updated on 2020-08-07 01:50:04 CEST.
Flavor | Version | Tinstall | Tcheck | Ttotal | Status | Flags |
---|---|---|---|---|---|---|
r-devel-linux-x86_64-debian-clang | 1.0 | 2.83 | 28.27 | 31.10 | NOTE | |
r-devel-linux-x86_64-debian-gcc | 1.0 | 2.33 | 22.24 | 24.57 | NOTE | |
r-devel-linux-x86_64-fedora-clang | 1.0 | 45.87 | NOTE | |||
r-devel-linux-x86_64-fedora-gcc | 1.0 | 36.32 | NOTE | |||
r-devel-windows-ix86+x86_64 | 1.0 | 12.00 | 41.00 | 53.00 | NOTE | |
r-patched-linux-x86_64 | 1.0 | 2.99 | 28.15 | 31.14 | NOTE | |
r-patched-solaris-x86 | 1.0 | 59.40 | NOTE | |||
r-release-linux-x86_64 | 1.0 | 3.02 | 27.89 | 30.91 | NOTE | |
r-release-macos-x86_64 | 1.0 | NOTE | ||||
r-release-windows-ix86+x86_64 | 1.0 | 11.00 | 54.00 | 65.00 | NOTE | |
r-oldrel-macos-x86_64 | 1.0 | NOTE | ||||
r-oldrel-windows-ix86+x86_64 | 1.0 | 5.00 | 49.00 | 54.00 | NOTE |
Version: 1.0
Check: R code for possible problems
Result: NOTE
microsoftTranslate: no visible global function definition for
'URLencode'
Undefined global functions or variables:
URLencode
Consider adding
importFrom("utils", "URLencode")
to your NAMESPACE file.
Flavors: r-devel-linux-x86_64-debian-clang, r-devel-linux-x86_64-debian-gcc, r-devel-linux-x86_64-fedora-clang, r-devel-linux-x86_64-fedora-gcc, r-devel-windows-ix86+x86_64, r-patched-linux-x86_64, r-patched-solaris-x86, r-release-linux-x86_64, r-release-macos-x86_64, r-release-windows-ix86+x86_64, r-oldrel-macos-x86_64, r-oldrel-windows-ix86+x86_64