Last updated on 2020-08-07 01:50:04 CEST.
| Flavor | Version | Tinstall | Tcheck | Ttotal | Status | Flags | 
|---|---|---|---|---|---|---|
| r-devel-linux-x86_64-debian-clang | 0.0.1 | 58.59 | 30.18 | 88.77 | OK | |
| r-devel-linux-x86_64-debian-gcc | 0.0.1 | 40.24 | 23.38 | 63.62 | OK | |
| r-devel-linux-x86_64-fedora-clang | 0.0.1 | 130.58 | OK | |||
| r-devel-linux-x86_64-fedora-gcc | 0.0.1 | 107.12 | OK | |||
| r-devel-windows-ix86+x86_64 | 0.0.1 | 145.00 | 74.00 | 219.00 | OK | |
| r-patched-linux-x86_64 | 0.0.1 | 42.31 | 30.20 | 72.51 | OK | |
| r-patched-solaris-x86 | 0.0.1 | 110.30 | OK | |||
| r-release-linux-x86_64 | 0.0.1 | 42.83 | 29.74 | 72.57 | OK | |
| r-release-macos-x86_64 | 0.0.1 | OK | ||||
| r-release-windows-ix86+x86_64 | 0.0.1 | 149.00 | 92.00 | 241.00 | OK | |
| r-oldrel-macos-x86_64 | 0.0.1 | ERROR | ||||
| r-oldrel-windows-ix86+x86_64 | 0.0.1 | 107.00 | 74.00 | 181.00 | OK | 
Version: 0.0.1
Check: tests
Result: ERROR
      Running ‘testthat.R’ [3s/7s]
    Running the tests in ‘tests/testthat.R’ failed.
    Last 13 lines of output:
      [1] 2015-01-01 23:56:02 - 2015-01-01 == 23.9 hours
      
      ── 3. Failure: updates on ydas works correctly with leap year (@test-update.R#17
      time_update(...) not equal to ymd("2016-01-10", tz = "America/New_York").
      1/1 mismatches
      [1] 2016-01-10 23:56:02 - 2016-01-10 == 23.9 hours
      
      ══ testthat results  ═══════════════════════════════════════════════════════════
      OK: 685 SKIPPED: 0 FAILED: 3
      1. Failure: updates on ydas works correctly with leap year (@test-update.R#173) 
      2. Failure: updates on ydas works correctly with leap year (@test-update.R#175) 
      3. Failure: updates on ydas works correctly with leap year (@test-update.R#177) 
      
      Error: testthat unit tests failed
      Execution halted
Flavor: r-oldrel-macos-x86_64