Last updated on 2020-08-07 01:50:04 CEST.
Flavor | Version | Tinstall | Tcheck | Ttotal | Status | Flags |
---|---|---|---|---|---|---|
r-devel-linux-x86_64-debian-clang | 0.2.0 | 2.51 | 153.40 | 155.91 | OK | |
r-devel-linux-x86_64-debian-gcc | 0.2.0 | 2.36 | 110.94 | 113.30 | OK | |
r-devel-linux-x86_64-fedora-clang | 0.2.0 | 183.52 | NOTE | |||
r-devel-linux-x86_64-fedora-gcc | 0.2.0 | 177.32 | NOTE | |||
r-devel-windows-ix86+x86_64 | 0.2.0 | 11.00 | 185.00 | 196.00 | OK | |
r-patched-linux-x86_64 | 0.2.0 | 2.78 | 145.61 | 148.39 | OK | |
r-patched-solaris-x86 | 0.2.0 | 254.90 | NOTE | |||
r-release-linux-x86_64 | 0.2.0 | 2.97 | 151.68 | 154.65 | OK | |
r-release-macos-x86_64 | 0.2.0 | NOTE | ||||
r-release-windows-ix86+x86_64 | 0.2.0 | 13.00 | 163.00 | 176.00 | OK | |
r-oldrel-macos-x86_64 | 0.2.0 | NOTE | ||||
r-oldrel-windows-ix86+x86_64 | 0.2.0 | 6.00 | 183.00 | 189.00 | OK |
Version: 0.2.0
Check: dependencies in R code
Result: NOTE
Namespace in Imports field not imported from: ‘lwgeom’
All declared Imports should be used.
Flavors: r-devel-linux-x86_64-fedora-clang, r-devel-linux-x86_64-fedora-gcc, r-patched-solaris-x86, r-release-macos-x86_64, r-oldrel-macos-x86_64