Last updated on 2020-08-07 01:50:04 CEST.
Flavor | Version | Tinstall | Tcheck | Ttotal | Status | Flags |
---|---|---|---|---|---|---|
r-devel-linux-x86_64-debian-clang | 0.0.1 | 3.48 | 17.67 | 21.15 | OK | |
r-devel-linux-x86_64-debian-gcc | 0.0.1 | 2.91 | 13.93 | 16.84 | OK | |
r-devel-linux-x86_64-fedora-clang | 0.0.1 | 35.25 | NOTE | |||
r-devel-linux-x86_64-fedora-gcc | 0.0.1 | 25.82 | NOTE | |||
r-devel-windows-ix86+x86_64 | 0.0.1 | 12.00 | 32.00 | 44.00 | OK | |
r-patched-linux-x86_64 | 0.0.1 | 4.70 | 17.44 | 22.14 | OK | |
r-patched-solaris-x86 | 0.0.1 | 39.60 | NOTE | |||
r-release-linux-x86_64 | 0.0.1 | 3.83 | 17.66 | 21.49 | OK | |
r-release-macos-x86_64 | 0.0.1 | NOTE | ||||
r-release-windows-ix86+x86_64 | 0.0.1 | 11.00 | 42.00 | 53.00 | OK | |
r-oldrel-macos-x86_64 | 0.0.1 | NOTE | ||||
r-oldrel-windows-ix86+x86_64 | 0.0.1 | 7.00 | 31.00 | 38.00 | OK |
Version: 0.0.1
Check: dependencies in R code
Result: NOTE
Namespaces in Imports field not imported from:
‘httr’ ‘jsonlite’
All declared Imports should be used.
Flavors: r-devel-linux-x86_64-fedora-clang, r-devel-linux-x86_64-fedora-gcc, r-patched-solaris-x86, r-release-macos-x86_64, r-oldrel-macos-x86_64