CRAN Package Check Results for Package tableHTML

Last updated on 2020-08-07 01:50:03 CEST.

Flavor Version Tinstall Tcheck Ttotal Status Flags
r-devel-linux-x86_64-debian-clang 2.0.0 4.70 54.57 59.27 NOTE
r-devel-linux-x86_64-debian-gcc 2.0.0 4.42 42.14 46.56 NOTE
r-devel-linux-x86_64-fedora-clang 2.0.0 81.29 NOTE
r-devel-linux-x86_64-fedora-gcc 2.0.0 71.47 NOTE
r-devel-windows-ix86+x86_64 2.0.0 16.00 79.00 95.00 NOTE
r-patched-linux-x86_64 2.0.0 4.38 54.21 58.59 NOTE
r-patched-solaris-x86 2.0.0 94.50 NOTE
r-release-linux-x86_64 2.0.0 5.30 54.35 59.65 NOTE
r-release-macos-x86_64 2.0.0 NOTE
r-release-windows-ix86+x86_64 2.0.0 19.00 103.00 122.00 NOTE
r-oldrel-macos-x86_64 2.0.0 NOTE
r-oldrel-windows-ix86+x86_64 2.0.0 11.00 81.00 92.00 NOTE

Check Details

Version: 2.0.0
Check: for non-standard things in the check directory
Result: NOTE
    Found the following files/directories:
     'myhtmlcode.html'
Flavors: r-devel-linux-x86_64-debian-clang, r-devel-linux-x86_64-debian-gcc, r-devel-linux-x86_64-fedora-clang, r-devel-linux-x86_64-fedora-gcc, r-patched-linux-x86_64, r-patched-solaris-x86, r-release-linux-x86_64

Version: 2.0.0
Check: installed package size
Result: NOTE
     installed size is 6.0Mb
     sub-directories of 1Mb or more:
     doc 5.8Mb
Flavors: r-devel-linux-x86_64-fedora-clang, r-devel-windows-ix86+x86_64, r-patched-solaris-x86, r-release-macos-x86_64, r-release-windows-ix86+x86_64, r-oldrel-macos-x86_64, r-oldrel-windows-ix86+x86_64

Version: 2.0.0
Check: dependencies in R code
Result: NOTE
    Namespace in Imports field not imported from: ‘shiny’
     All declared Imports should be used.
Flavors: r-devel-linux-x86_64-fedora-clang, r-devel-linux-x86_64-fedora-gcc, r-patched-solaris-x86, r-release-macos-x86_64, r-oldrel-macos-x86_64