Last updated on 2020-08-07 01:50:03 CEST.
Flavor | Version | Tinstall | Tcheck | Ttotal | Status | Flags |
---|---|---|---|---|---|---|
r-devel-linux-x86_64-debian-clang | 1.1.14 | 17.09 | 250.83 | 267.92 | OK | |
r-devel-linux-x86_64-debian-gcc | 1.1.14 | 15.18 | 183.85 | 199.03 | OK | |
r-devel-linux-x86_64-fedora-clang | 1.1.14 | 310.44 | OK | |||
r-devel-linux-x86_64-fedora-gcc | 1.1.14 | 307.71 | OK | |||
r-devel-windows-ix86+x86_64 | 1.1.14 | 80.00 | 422.00 | 502.00 | OK | |
r-patched-linux-x86_64 | 1.1.14 | 17.79 | 237.82 | 255.61 | OK | |
r-patched-solaris-x86 | 1.1.14 | 504.30 | OK | |||
r-release-linux-x86_64 | 1.1.14 | 16.36 | 237.66 | 254.02 | OK | |
r-release-macos-x86_64 | 1.1.14 | OK | ||||
r-release-windows-ix86+x86_64 | 1.1.14 | 64.00 | 302.00 | 366.00 | OK | |
r-oldrel-macos-x86_64 | 1.1.14 | ERROR | ||||
r-oldrel-windows-ix86+x86_64 | 1.1.14 | 25.00 | 364.00 | 389.00 | OK |
Version: 1.1.14
Check: package dependencies
Result: ERROR
Package required and available but unsuitable version: ‘data.table’
See section ‘The DESCRIPTION file’ in the ‘Writing R Extensions’
manual.
Flavor: r-oldrel-macos-x86_64