Last updated on 2020-08-07 01:50:00 CEST.
Flavor | Version | Tinstall | Tcheck | Ttotal | Status | Flags |
---|---|---|---|---|---|---|
r-devel-linux-x86_64-debian-clang | 0.1 | 2.06 | 20.43 | 22.49 | NOTE | |
r-devel-linux-x86_64-debian-gcc | 0.1 | 1.60 | 16.19 | 17.79 | NOTE | |
r-devel-linux-x86_64-fedora-clang | 0.1 | 36.12 | NOTE | |||
r-devel-linux-x86_64-fedora-gcc | 0.1 | 27.07 | NOTE | |||
r-devel-windows-ix86+x86_64 | 0.1 | 9.00 | 30.00 | 39.00 | NOTE | |
r-patched-linux-x86_64 | 0.1 | 2.21 | 20.70 | 22.91 | NOTE | |
r-patched-solaris-x86 | 0.1 | 50.80 | NOTE | |||
r-release-linux-x86_64 | 0.1 | 2.01 | 20.98 | 22.99 | NOTE | |
r-release-macos-x86_64 | 0.1 | NOTE | ||||
r-release-windows-ix86+x86_64 | 0.1 | 6.00 | 42.00 | 48.00 | NOTE | |
r-oldrel-macos-x86_64 | 0.1 | NOTE | ||||
r-oldrel-windows-ix86+x86_64 | 0.1 | 4.00 | 47.00 | 51.00 | NOTE |
Version: 0.1
Check: R code for possible problems
Result: NOTE
hausman: no visible global function definition for 'pchisq'
span.formula: no visible global function definition for 'model.frame'
span.formula: no visible global function definition for 'model.matrix'
span.formula: no visible global function definition for
'model.response'
spbe: no visible global function definition for 'cor'
spbe: no visible global function definition for 'pt'
spfe: no visible global function definition for 'cor'
spfe: no visible global function definition for 'pt'
sprandom: no visible global function definition for 'cor'
sprandom: no visible global function definition for 'pt'
summary.span: no visible global function definition for 'printCoefmat'
Undefined global functions or variables:
cor model.frame model.matrix model.response pchisq printCoefmat pt
Consider adding
importFrom("stats", "cor", "model.frame", "model.matrix",
"model.response", "pchisq", "printCoefmat", "pt")
to your NAMESPACE file.
Flavors: r-devel-linux-x86_64-debian-clang, r-devel-linux-x86_64-debian-gcc, r-devel-linux-x86_64-fedora-clang, r-devel-linux-x86_64-fedora-gcc, r-devel-windows-ix86+x86_64, r-patched-linux-x86_64, r-patched-solaris-x86, r-release-linux-x86_64, r-release-macos-x86_64, r-release-windows-ix86+x86_64, r-oldrel-macos-x86_64, r-oldrel-windows-ix86+x86_64