Last updated on 2020-08-07 01:50:00 CEST.
| Flavor | Version | Tinstall | Tcheck | Ttotal | Status | Flags | 
|---|---|---|---|---|---|---|
| r-devel-linux-x86_64-debian-clang | 0.5.1 | 4.08 | 30.13 | 34.21 | NOTE | |
| r-devel-linux-x86_64-debian-gcc | 0.5.1 | 3.12 | 23.73 | 26.85 | NOTE | |
| r-devel-linux-x86_64-fedora-clang | 0.5.1 | 51.91 | NOTE | |||
| r-devel-linux-x86_64-fedora-gcc | 0.5.1 | 42.05 | NOTE | |||
| r-devel-windows-ix86+x86_64 | 0.5.1 | 11.00 | 39.00 | 50.00 | NOTE | |
| r-patched-linux-x86_64 | 0.5.1 | 4.86 | 30.61 | 35.47 | NOTE | |
| r-patched-solaris-x86 | 0.5.1 | 64.40 | NOTE | |||
| r-release-linux-x86_64 | 0.5.1 | 4.90 | 30.95 | 35.85 | NOTE | |
| r-release-macos-x86_64 | 0.5.1 | NOTE | ||||
| r-release-windows-ix86+x86_64 | 0.5.1 | 12.00 | 57.00 | 69.00 | NOTE | |
| r-oldrel-macos-x86_64 | 0.5.1 | NOTE | ||||
| r-oldrel-windows-ix86+x86_64 | 0.5.1 | 6.00 | 45.00 | 51.00 | NOTE | 
Version: 0.5.1
Check: dependencies in R code
Result: NOTE
    Package in Depends field not imported from: 'grid'
      These packages need to be imported from (in the NAMESPACE file)
      for when this namespace is loaded but not attached.
Flavors: r-devel-linux-x86_64-debian-clang, r-devel-linux-x86_64-debian-gcc, r-devel-linux-x86_64-fedora-clang, r-devel-linux-x86_64-fedora-gcc, r-devel-windows-ix86+x86_64, r-patched-linux-x86_64, r-patched-solaris-x86, r-release-linux-x86_64, r-release-macos-x86_64, r-release-windows-ix86+x86_64, r-oldrel-macos-x86_64, r-oldrel-windows-ix86+x86_64
Version: 0.5.1
Check: R code for possible problems
Result: NOTE
    snp.plotter : read.config: no visible global function definition for
      'read.table'
    snp.plotter : retrieve.data: no visible global function definition for
      'read.delim'
    snp.plotter : retrieve.data: no visible global function definition for
      'read.table'
    snp.plotter : draw.plot.grid.setup: no visible global function
      definition for 'viewport'
    snp.plotter : draw.plot.grid.setup: no visible global function
      definition for 'grid.layout'
    snp.plotter : draw.plot.grid.setup: no visible global function
      definition for 'pushViewport'
    snp.plotter : draw.plot.grid.setup: no visible global function
      definition for 'vpTree'
    snp.plotter : draw.plot.grid.setup: no visible global function
      definition for 'vpList'
    snp.plotter : draw.plot.grid.setup: no visible global function
      definition for 'textGrob'
    snp.plotter : draw.plot.grid.setup: no visible global function
      definition for 'gpar'
    snp.plotter : draw.plot.grid.setup: no visible global function
      definition for 'gTree'
    snp.plotter : draw.plot.grid.setup: no visible global function
      definition for 'gList'
    snp.plotter : draw.plot.grid.setup: no visible global function
      definition for 'grid.draw'
    snp.plotter : draw.plot.grid.setup: no visible global function
      definition for 'grid.lines'
    snp.plotter : draw.plot.grid.setup: no visible global function
      definition for 'head'
    snp.plotter : draw.plot.grid.setup: no visible global function
      definition for 'tail'
    snp.plotter : draw.plot.grid.setup: no visible global function
      definition for 'grid.xaxis'
    snp.plotter : draw.plot.grid.setup: no visible global function
      definition for 'grid.text'
    snp.plotter : draw.plot.grid.setup: no visible global function
      definition for 'grid.edit'
    snp.plotter : draw.plot.grid.setup: no visible global function
      definition for 'grid.yaxis'
    snp.plotter : draw.plot.grid.setup: no visible global function
      definition for 'segmentsGrob'
    snp.plotter : draw.plot.grid.setup: no visible global function
      definition for 'unit'
    snp.plotter : draw.legend: no visible global function definition for
      'viewport'
    snp.plotter : draw.legend: no visible global function definition for
      'pushViewport'
    snp.plotter : draw.legend: no visible global function definition for
      'gTree'
    snp.plotter : draw.legend: no visible global function definition for
      'textGrob'
    snp.plotter : draw.legend: no visible global function definition for
      'gpar'
    snp.plotter : draw.legend: no visible global function definition for
      'pointsGrob'
    snp.plotter : draw.legend: no visible global function definition for
      'grid.draw'
    snp.plotter : draw.legend: no visible global function definition for
      'popViewport'
    snp.plotter : draw.plot.grid.snp.names: no visible global function
      definition for 'textGrob'
    snp.plotter : draw.plot.grid.snp.names: no visible global function
      definition for 'unit'
    snp.plotter : draw.plot.grid.snp.names: no visible global function
      definition for 'gpar'
    snp.plotter : draw.plot.grid.ss: no visible global function definition
      for 'grid.text'
    snp.plotter : draw.plot.grid.ss: no visible global function definition
      for 'gpar'
    snp.plotter : draw.plot.grid.ss: no visible global function definition
      for 'grid.points'
    snp.plotter : draw.plot.grid.hap: no visible global function definition
      for 'grid.text'
    snp.plotter : draw.plot.grid.hap: no visible global function definition
      for 'grid.points'
    snp.plotter : draw.plot.grid.hap: no visible global function definition
      for 'gpar'
    snp.plotter : draw.plot.grid.hap: no visible global function definition
      for 'grid.lines'
    snp.plotter : draw.plot.ld.plot: no visible global function definition
      for 'heat.colors'
    snp.plotter : draw.plot.ld.plot: no visible global function definition
      for 'cm.colors'
    snp.plotter : draw.plot.ld.plot: no visible global function definition
      for 'read.table'
    snp.plotter : draw.plot.ld.plot: no visible global function definition
      for 'topo.colors'
    snp.plotter : draw.plot.ld.plot: no visible global function definition
      for 'gray.colors'
    snp.plotter : draw.plot.ld.plot: no visible global function definition
      for 'rectGrob'
    snp.plotter : draw.plot.ld.plot: no visible global function definition
      for 'gpar'
    snp.plotter : draw.plot.ld.plot: no visible global function definition
      for 'textGrob'
    snp.plotter : draw.plot.ld.plot: no visible global function definition
      for 'viewport'
    snp.plotter : draw.plot.ld.plot: no visible global function definition
      for 'gTree'
    snp.plotter : draw.plot.ld.plot: no visible global function definition
      for 'gList'
    snp.plotter : draw.plot.ld.plot: no visible global function definition
      for 'popViewport'
    snp.plotter : draw.plot.ld.plot: no visible global function definition
      for 'unit'
    snp.plotter : draw.plot.ld.plot: no visible global function definition
      for 'pushViewport'
    snp.plotter : draw.plot.ld.plot: no visible global function definition
      for 'grid.draw'
    snp.plotter : create.color.list: no visible global function definition
      for 'head'
    snp.plotter : create.symbol.list: no visible global function definition
      for 'head'
    snp.plotter: no visible global function definition for 'pdf'
    snp.plotter: no visible global function definition for 'postscript'
    snp.plotter: no visible global function definition for 'head'
    snp.plotter: no visible global function definition for 'grid.newpage'
    snp.plotter: no visible global function definition for 'dev.cur'
    snp.plotter: no visible global function definition for 'dev.off'
    Undefined global functions or variables:
      cm.colors dev.cur dev.off gList gTree gpar gray.colors grid.draw
      grid.edit grid.layout grid.lines grid.newpage grid.points grid.text
      grid.xaxis grid.yaxis head heat.colors pdf pointsGrob popViewport
      postscript pushViewport read.delim read.table rectGrob segmentsGrob
      tail textGrob topo.colors unit viewport vpList vpTree
    Consider adding
      importFrom("grDevices", "cm.colors", "dev.cur", "dev.off",
                 "gray.colors", "heat.colors", "pdf", "postscript",
                 "topo.colors")
      importFrom("utils", "head", "read.delim", "read.table", "tail")
    to your NAMESPACE file.
Flavors: r-devel-linux-x86_64-debian-clang, r-devel-linux-x86_64-debian-gcc, r-devel-linux-x86_64-fedora-clang, r-devel-linux-x86_64-fedora-gcc, r-devel-windows-ix86+x86_64, r-patched-linux-x86_64, r-patched-solaris-x86, r-release-linux-x86_64, r-release-macos-x86_64, r-release-windows-ix86+x86_64, r-oldrel-macos-x86_64, r-oldrel-windows-ix86+x86_64