Last updated on 2020-08-07 01:50:00 CEST.
Flavor | Version | Tinstall | Tcheck | Ttotal | Status | Flags |
---|---|---|---|---|---|---|
r-devel-linux-x86_64-debian-clang | 0.2.0 | 6.11 | 56.30 | 62.41 | OK | |
r-devel-linux-x86_64-debian-gcc | 0.2.0 | 5.04 | 42.92 | 47.96 | OK | |
r-devel-linux-x86_64-fedora-clang | 0.2.0 | 82.73 | NOTE | |||
r-devel-linux-x86_64-fedora-gcc | 0.2.0 | 72.83 | NOTE | |||
r-devel-windows-ix86+x86_64 | 0.2.0 | 31.00 | 97.00 | 128.00 | OK | |
r-patched-linux-x86_64 | 0.2.0 | 6.19 | 54.64 | 60.83 | OK | |
r-patched-solaris-x86 | 0.2.0 | 98.80 | NOTE | |||
r-release-linux-x86_64 | 0.2.0 | 5.93 | 54.23 | 60.16 | OK | |
r-release-macos-x86_64 | 0.2.0 | NOTE | ||||
r-release-windows-ix86+x86_64 | 0.2.0 | 18.00 | 101.00 | 119.00 | OK | |
r-oldrel-macos-x86_64 | 0.2.0 | NOTE | ||||
r-oldrel-windows-ix86+x86_64 | 0.2.0 | 13.00 | 71.00 | 84.00 | OK |
Version: 0.2.0
Check: dependencies in R code
Result: NOTE
Namespace in Imports field not imported from: ‘purrr’
All declared Imports should be used.
Flavors: r-devel-linux-x86_64-fedora-clang, r-devel-linux-x86_64-fedora-gcc, r-patched-solaris-x86, r-release-macos-x86_64, r-oldrel-macos-x86_64