Last updated on 2020-08-07 01:49:59 CEST.
Flavor | Version | Tinstall | Tcheck | Ttotal | Status | Flags |
---|---|---|---|---|---|---|
r-devel-linux-x86_64-debian-clang | 1.3.4 | 6.84 | 50.27 | 57.11 | OK | |
r-devel-linux-x86_64-debian-gcc | 1.3.4 | 6.21 | 38.28 | 44.49 | OK | |
r-devel-linux-x86_64-fedora-clang | 1.3.4 | 76.71 | NOTE | |||
r-devel-linux-x86_64-fedora-gcc | 1.3.4 | 64.74 | NOTE | |||
r-devel-windows-ix86+x86_64 | 1.3.4 | 28.00 | 86.00 | 114.00 | OK | |
r-patched-linux-x86_64 | 1.3.4 | 5.29 | 48.76 | 54.05 | OK | |
r-patched-solaris-x86 | 1.3.4 | 100.50 | NOTE | |||
r-release-linux-x86_64 | 1.3.4 | 4.84 | 48.68 | 53.52 | OK | |
r-release-macos-x86_64 | 1.3.4 | NOTE | ||||
r-release-windows-ix86+x86_64 | 1.3.4 | 23.00 | 56.00 | 79.00 | OK | |
r-oldrel-macos-x86_64 | 1.3.4 | NOTE | ||||
r-oldrel-windows-ix86+x86_64 | 1.3.4 | 13.00 | 79.00 | 92.00 | OK |
Version: 1.3.4
Check: dependencies in R code
Result: NOTE
Namespaces in Imports field not imported from:
‘cluster’ ‘factoextra’ ‘tidyr’
All declared Imports should be used.
Flavors: r-devel-linux-x86_64-fedora-clang, r-devel-linux-x86_64-fedora-gcc, r-patched-solaris-x86, r-release-macos-x86_64, r-oldrel-macos-x86_64