Last updated on 2020-08-07 01:49:59 CEST.
Flavor | Version | Tinstall | Tcheck | Ttotal | Status | Flags |
---|---|---|---|---|---|---|
r-devel-linux-x86_64-debian-clang | 1.0 | 3.77 | 26.74 | 30.51 | OK | |
r-devel-linux-x86_64-debian-gcc | 1.0 | 3.10 | 21.71 | 24.81 | OK | |
r-devel-linux-x86_64-fedora-clang | 1.0 | 46.52 | OK | |||
r-devel-linux-x86_64-fedora-gcc | 1.0 | 37.25 | OK | |||
r-devel-windows-ix86+x86_64 | 1.0 | 17.00 | 58.00 | 75.00 | OK | |
r-patched-linux-x86_64 | 1.0 | 3.87 | 27.57 | 31.44 | OK | |
r-patched-solaris-x86 | 1.0 | 57.90 | OK | |||
r-release-linux-x86_64 | 1.0 | 3.56 | 27.37 | 30.93 | OK | |
r-release-macos-x86_64 | 1.0 | ERROR | ||||
r-release-windows-ix86+x86_64 | 1.0 | 17.00 | 75.00 | 92.00 | OK | |
r-oldrel-macos-x86_64 | 1.0 | ERROR | ||||
r-oldrel-windows-ix86+x86_64 | 1.0 | 12.00 | 76.00 | 88.00 | OK |
Version: 1.0
Check: package dependencies
Result: ERROR
Package required but not available: ‘rpanel’
See section ‘The DESCRIPTION file’ in the ‘Writing R Extensions’
manual.
Flavors: r-release-macos-x86_64, r-oldrel-macos-x86_64