Last updated on 2020-08-07 01:49:59 CEST.
| Flavor | Version | Tinstall | Tcheck | Ttotal | Status | Flags | 
|---|---|---|---|---|---|---|
| r-devel-linux-x86_64-debian-clang | 1.0.0 | 2.64 | 24.61 | 27.25 | WARN | |
| r-devel-linux-x86_64-debian-gcc | 1.0.0 | 1.80 | 19.41 | 21.21 | WARN | |
| r-devel-linux-x86_64-fedora-clang | 1.0.0 | 41.64 | WARN | |||
| r-devel-linux-x86_64-fedora-gcc | 1.0.0 | 27.38 | WARN | |||
| r-devel-windows-ix86+x86_64 | 1.0.0 | 9.00 | 58.00 | 67.00 | OK | |
| r-patched-linux-x86_64 | 1.0.0 | 2.81 | 24.04 | 26.85 | WARN | |
| r-patched-solaris-x86 | 1.0.0 | 57.20 | WARN | |||
| r-release-linux-x86_64 | 1.0.0 | 2.54 | 24.54 | 27.08 | WARN | |
| r-release-macos-x86_64 | 1.0.0 | OK | ||||
| r-release-windows-ix86+x86_64 | 1.0.0 | 9.00 | 68.00 | 77.00 | OK | |
| r-oldrel-macos-x86_64 | 1.0.0 | OK | ||||
| r-oldrel-windows-ix86+x86_64 | 1.0.0 | 5.00 | 48.00 | 53.00 | OK | 
Version: 1.0.0
Check: package dependencies
Result: NOTE
    Package suggested but not available for checking: 'QUIC'
Flavors: r-devel-linux-x86_64-debian-clang, r-devel-linux-x86_64-debian-gcc, r-devel-linux-x86_64-fedora-clang, r-devel-linux-x86_64-fedora-gcc, r-patched-linux-x86_64, r-patched-solaris-x86, r-release-linux-x86_64
Version: 1.0.0
Check: re-building of vignette outputs
Result: WARN
    Error(s) in re-building vignettes:
      ...
    --- re-building 'scLink-vignette.Rmd' using rmarkdown
    Quitting from lines 40-41 (scLink-vignette.Rmd) 
    Error: processing vignette 'scLink-vignette.Rmd' failed with diagnostics:
    Please make sure the package QUIC is installed!
    --- failed re-building 'scLink-vignette.Rmd'
    
    SUMMARY: processing the following file failed:
      'scLink-vignette.Rmd'
    
    Error: Vignette re-building failed.
    Execution halted
Flavors: r-devel-linux-x86_64-debian-clang, r-devel-linux-x86_64-debian-gcc, r-patched-linux-x86_64, r-release-linux-x86_64
Version: 1.0.0
Check: re-building of vignette outputs
Result: WARN
    Error(s) in re-building vignettes:
    --- re-building ‘scLink-vignette.Rmd’ using rmarkdown
    Quitting from lines 40-41 (scLink-vignette.Rmd) 
    Error: processing vignette 'scLink-vignette.Rmd' failed with diagnostics:
    Please make sure the package QUIC is installed!
    --- failed re-building ‘scLink-vignette.Rmd’
    
    SUMMARY: processing the following file failed:
      ‘scLink-vignette.Rmd’
    
    Error: Vignette re-building failed.
    Execution halted
Flavors: r-devel-linux-x86_64-fedora-clang, r-devel-linux-x86_64-fedora-gcc
Version: 1.0.0
Check: re-building of vignette outputs
Result: WARN
    Error(s) in re-building vignettes:
      ...
    --- re-building ‘scLink-vignette.Rmd’ using rmarkdown
    Warning in engine$weave(file, quiet = quiet, encoding = enc) :
      Pandoc (>= 1.12.3) and/or pandoc-citeproc not available. Falling back to R Markdown v1.
    Quitting from lines 40-41 (scLink-vignette.Rmd) 
    Error: processing vignette 'scLink-vignette.Rmd' failed with diagnostics:
    Please make sure the package QUIC is installed!
    --- failed re-building ‘scLink-vignette.Rmd’
    
    SUMMARY: processing the following file failed:
      ‘scLink-vignette.Rmd’
    
    Error: Vignette re-building failed.
    Execution halted
Flavor: r-patched-solaris-x86