Last updated on 2020-08-07 01:49:59 CEST.
Flavor | Version | Tinstall | Tcheck | Ttotal | Status | Flags |
---|---|---|---|---|---|---|
r-devel-linux-x86_64-debian-clang | 1.0.3 | 797.14 | 270.36 | 1067.50 | NOTE | |
r-devel-linux-x86_64-debian-gcc | 1.0.3 | 596.37 | 225.85 | 822.22 | NOTE | |
r-devel-linux-x86_64-fedora-clang | 1.0.3 | 1288.56 | NOTE | |||
r-devel-linux-x86_64-fedora-gcc | 1.0.3 | 1288.67 | NOTE | |||
r-devel-windows-ix86+x86_64 | 1.0.3 | 9.00 | 8.00 | 17.00 | ERROR | |
r-patched-linux-x86_64 | 1.0.3 | 723.78 | 259.89 | 983.67 | NOTE | |
r-patched-solaris-x86 | 1.0.3 | 1202.20 | NOTE | |||
r-release-linux-x86_64 | 1.0.3 | 622.61 | 255.92 | 878.53 | NOTE | |
r-release-macos-x86_64 | 1.0.3 | NOTE | ||||
r-release-windows-ix86+x86_64 | 1.0.3 | 6.00 | 5.00 | 11.00 | ERROR | |
r-oldrel-macos-x86_64 | 1.0.3 | FAIL | ||||
r-oldrel-windows-ix86+x86_64 | 1.0.3 | 230.00 | 8.00 | 238.00 | ERROR |
Version: 1.0.3
Check: for GNU extensions in Makefiles
Result: NOTE
GNU make is a SystemRequirements.
Flavors: r-devel-linux-x86_64-debian-clang, r-devel-linux-x86_64-debian-gcc, r-devel-linux-x86_64-fedora-clang, r-devel-linux-x86_64-fedora-gcc, r-patched-linux-x86_64, r-patched-solaris-x86, r-release-linux-x86_64, r-release-macos-x86_64
Version: 1.0.3
Check: installed package size
Result: NOTE
installed size is 122.8Mb
sub-directories of 1Mb or more:
libs 121.5Mb
Flavors: r-devel-linux-x86_64-fedora-clang, r-patched-solaris-x86, r-release-macos-x86_64, r-oldrel-macos-x86_64
Version: 1.0.3
Check: dependencies in R code
Result: NOTE
Namespace in Imports field not imported from: ‘loo’
All declared Imports should be used.
Flavors: r-devel-linux-x86_64-fedora-clang, r-devel-linux-x86_64-fedora-gcc, r-patched-solaris-x86, r-release-macos-x86_64, r-oldrel-macos-x86_64
Version: 1.0.3
Check: Rd cross-references
Result: NOTE
Undeclared packages ‘gridExtra’, ‘rstanarm’ in Rd xrefs
Flavor: r-devel-linux-x86_64-fedora-clang
Version: 1.0.3
Check: whether package can be installed
Result: ERROR
Installation failed.
Flavors: r-devel-windows-ix86+x86_64, r-release-windows-ix86+x86_64, r-oldrel-windows-ix86+x86_64
Version: 1.0.3
Check: Rd \usage sections
Result: FAIL
Flavor: r-oldrel-macos-x86_64