Last updated on 2020-08-07 01:49:59 CEST.
Flavor | Version | Tinstall | Tcheck | Ttotal | Status | Flags |
---|---|---|---|---|---|---|
r-devel-linux-x86_64-debian-clang | 0.9.22 | 4.58 | 160.78 | 165.36 | OK | |
r-devel-linux-x86_64-debian-gcc | 0.9.22 | 3.74 | 118.77 | 122.51 | OK | |
r-devel-linux-x86_64-fedora-clang | 0.9.22 | 197.66 | NOTE | |||
r-devel-linux-x86_64-fedora-gcc | 0.9.22 | 194.26 | NOTE | |||
r-devel-windows-ix86+x86_64 | 0.9.22 | 12.00 | 195.00 | 207.00 | OK | |
r-patched-linux-x86_64 | 0.9.22 | 5.54 | 158.85 | 164.39 | OK | |
r-patched-solaris-x86 | 0.9.22 | 284.90 | NOTE | |||
r-release-linux-x86_64 | 0.9.22 | 4.82 | 160.24 | 165.06 | OK | |
r-release-macos-x86_64 | 0.9.22 | NOTE | ||||
r-release-windows-ix86+x86_64 | 0.9.22 | 12.00 | 249.00 | 261.00 | OK | |
r-oldrel-macos-x86_64 | 0.9.22 | NOTE | ||||
r-oldrel-windows-ix86+x86_64 | 0.9.22 | 7.00 | 206.00 | 213.00 | OK |
Version: 0.9.22
Check: dependencies in R code
Result: NOTE
Namespace in Imports field not imported from: ‘methods’
All declared Imports should be used.
Flavors: r-devel-linux-x86_64-fedora-clang, r-devel-linux-x86_64-fedora-gcc, r-patched-solaris-x86, r-release-macos-x86_64, r-oldrel-macos-x86_64