Last updated on 2020-08-07 01:49:58 CEST.
Flavor | Version | Tinstall | Tcheck | Ttotal | Status | Flags |
---|---|---|---|---|---|---|
r-devel-linux-x86_64-debian-clang | 0.15.3 | 13.25 | 139.74 | 152.99 | OK | |
r-devel-linux-x86_64-debian-gcc | 0.15.3 | 11.08 | 102.18 | 113.26 | OK | |
r-devel-linux-x86_64-fedora-clang | 0.15.3 | 190.75 | OK | |||
r-devel-linux-x86_64-fedora-gcc | 0.15.3 | 185.32 | OK | |||
r-devel-windows-ix86+x86_64 | 0.15.3 | 28.00 | 152.00 | 180.00 | OK | |
r-patched-linux-x86_64 | 0.15.3 | 13.73 | 134.65 | 148.38 | OK | |
r-patched-solaris-x86 | 0.15.3 | 242.20 | NOTE | |||
r-release-linux-x86_64 | 0.15.3 | 13.74 | 136.70 | 150.44 | OK | |
r-release-macos-x86_64 | 0.15.3 | OK | ||||
r-release-windows-ix86+x86_64 | 0.15.3 | 31.00 | 194.00 | 225.00 | OK | |
r-oldrel-macos-x86_64 | 0.15.3 | OK | ||||
r-oldrel-windows-ix86+x86_64 | 0.15.3 | 18.00 | 120.00 | 138.00 | OK |
Version: 0.15.3
Check: installed package size
Result: NOTE
installed size is 5.3Mb
sub-directories of 1Mb or more:
data 3.6Mb
Flavor: r-patched-solaris-x86