Last updated on 2020-08-07 01:49:58 CEST.
Flavor | Version | Tinstall | Tcheck | Ttotal | Status | Flags |
---|---|---|---|---|---|---|
r-devel-linux-x86_64-debian-clang | 2.5 | 11.66 | 49.72 | 61.38 | OK | |
r-devel-linux-x86_64-debian-gcc | 2.5 | 7.82 | 38.24 | 46.06 | OK | |
r-devel-linux-x86_64-fedora-clang | 2.5 | 81.60 | OK | |||
r-devel-linux-x86_64-fedora-gcc | 2.5 | 70.44 | OK | |||
r-devel-windows-ix86+x86_64 | 2.5 | 39.00 | 87.00 | 126.00 | OK | |
r-patched-linux-x86_64 | 2.5 | 8.98 | 48.01 | 56.99 | OK | |
r-patched-solaris-x86 | 2.5 | 122.70 | OK | |||
r-release-linux-x86_64 | 2.5 | 8.96 | 48.40 | 57.36 | OK | |
r-release-macos-x86_64 | 2.5 | ERROR | ||||
r-release-windows-ix86+x86_64 | 2.5 | 34.00 | 117.00 | 151.00 | OK | |
r-oldrel-macos-x86_64 | 2.5 | OK | ||||
r-oldrel-windows-ix86+x86_64 | 2.5 | 28.00 | 105.00 | 133.00 | OK |
Version: 2.5
Check: whether package can be installed
Result: ERROR
Installation failed.
Flavor: r-release-macos-x86_64