Last updated on 2020-08-07 01:49:58 CEST.
| Flavor | Version | Tinstall | Tcheck | Ttotal | Status | Flags | 
|---|---|---|---|---|---|---|
| r-devel-linux-x86_64-debian-clang | 0.2.2 | 3.94 | 79.04 | 82.98 | OK | |
| r-devel-linux-x86_64-debian-gcc | 0.2.2 | 3.03 | 57.29 | 60.32 | OK | |
| r-devel-linux-x86_64-fedora-clang | 0.2.2 | 102.72 | OK | |||
| r-devel-linux-x86_64-fedora-gcc | 0.2.2 | 92.48 | OK | |||
| r-devel-windows-ix86+x86_64 | 0.2.2 | 24.00 | 119.00 | 143.00 | OK | |
| r-patched-linux-x86_64 | 0.2.2 | 3.92 | 75.11 | 79.03 | OK | |
| r-patched-solaris-x86 | 0.2.2 | 129.30 | WARN | |||
| r-release-linux-x86_64 | 0.2.2 | 4.08 | 74.11 | 78.19 | OK | |
| r-release-macos-x86_64 | 0.2.2 | WARN | ||||
| r-release-windows-ix86+x86_64 | 0.2.2 | 19.00 | 87.00 | 106.00 | OK | |
| r-oldrel-macos-x86_64 | 0.2.2 | WARN | ||||
| r-oldrel-windows-ix86+x86_64 | 0.2.2 | 8.00 | 97.00 | 105.00 | OK | 
Version: 0.2.2
Check: re-building of vignette outputs
Result: WARN
    Error(s) in re-building vignettes:
      ...
    --- re-building ‘rfm-customer-level-data.Rmd’ using rmarkdown
    Warning in engine$weave(file, quiet = quiet, encoding = enc) :
      Pandoc (>= 1.12.3) and/or pandoc-citeproc not available. Falling back to R Markdown v1.
    
    Attaching package: 'dplyr'
    
    The following object is masked from 'package:kableExtra':
    
        group_rows
    
    The following objects are masked from 'package:stats':
    
        filter, lag
    
    The following objects are masked from 'package:base':
    
        intersect, setdiff, setequal, union
    
    Quitting from lines 231-254 (rfm-customer-level-data.Rmd) 
    Error: processing vignette 'rfm-customer-level-data.Rmd' failed with diagnostics:
    cannot open the connection
    --- failed re-building ‘rfm-customer-level-data.Rmd’
    
    --- re-building ‘rfm-transaction-level-data.Rmd’ using rmarkdown
    Warning in engine$weave(file, quiet = quiet, encoding = enc) :
      Pandoc (>= 1.12.3) and/or pandoc-citeproc not available. Falling back to R Markdown v1.
    
    Attaching package: 'dplyr'
    
    The following object is masked from 'package:kableExtra':
    
        group_rows
    
    The following objects are masked from 'package:stats':
    
        filter, lag
    
    The following objects are masked from 'package:base':
    
        intersect, setdiff, setequal, union
    
    Quitting from lines 227-251 (rfm-transaction-level-data.Rmd) 
    Error: processing vignette 'rfm-transaction-level-data.Rmd' failed with diagnostics:
    cannot open the connection
    --- failed re-building ‘rfm-transaction-level-data.Rmd’
    
    SUMMARY: processing the following files failed:
      ‘rfm-customer-level-data.Rmd’ ‘rfm-transaction-level-data.Rmd’
    
    Error: Vignette re-building failed.
    Execution halted
Flavor: r-patched-solaris-x86
Version: 0.2.2
Check: re-building of vignette outputs
Result: WARN
    Error(s) in re-building vignettes:
    --- re-building ‘rfm-customer-level-data.Rmd’ using rmarkdown
    Warning in engine$weave(file, quiet = quiet, encoding = enc) :
      Pandoc (>= 1.12.3) and/or pandoc-citeproc not available. Falling back to R Markdown v1.
    
    Attaching package: 'dplyr'
    
    The following object is masked from 'package:kableExtra':
    
        group_rows
    
    The following objects are masked from 'package:stats':
    
        filter, lag
    
    The following objects are masked from 'package:base':
    
        intersect, setdiff, setequal, union
    
    Quitting from lines 231-254 (rfm-customer-level-data.Rmd) 
    Error: processing vignette 'rfm-customer-level-data.Rmd' failed with diagnostics:
    cannot open the connection
    --- failed re-building ‘rfm-customer-level-data.Rmd’
    
    --- re-building ‘rfm-transaction-level-data.Rmd’ using rmarkdown
    Warning in engine$weave(file, quiet = quiet, encoding = enc) :
      Pandoc (>= 1.12.3) and/or pandoc-citeproc not available. Falling back to R Markdown v1.
    
    Attaching package: 'dplyr'
    
    The following object is masked from 'package:kableExtra':
    
        group_rows
    
    The following objects are masked from 'package:stats':
    
        filter, lag
    
    The following objects are masked from 'package:base':
    
        intersect, setdiff, setequal, union
    
    Quitting from lines 227-251 (rfm-transaction-level-data.Rmd) 
    Error: processing vignette 'rfm-transaction-level-data.Rmd' failed with diagnostics:
    cannot open the connection
    --- failed re-building ‘rfm-transaction-level-data.Rmd’
    
    SUMMARY: processing the following files failed:
      ‘rfm-customer-level-data.Rmd’ ‘rfm-transaction-level-data.Rmd’
    
    Error: Vignette re-building failed.
    Execution halted
Flavors: r-release-macos-x86_64, r-oldrel-macos-x86_64