Last updated on 2020-08-07 01:49:57 CEST.
Flavor | Version | Tinstall | Tcheck | Ttotal | Status | Flags |
---|---|---|---|---|---|---|
r-devel-linux-x86_64-debian-clang | 1.0-4 | 8.91 | 37.44 | 46.35 | NOTE | |
r-devel-linux-x86_64-debian-gcc | 1.0-4 | 6.68 | 28.42 | 35.10 | NOTE | |
r-devel-linux-x86_64-fedora-clang | 1.0-4 | 62.41 | NOTE | |||
r-devel-linux-x86_64-fedora-gcc | 1.0-4 | 53.54 | NOTE | |||
r-devel-windows-ix86+x86_64 | 1.0-4 | 29.00 | 68.00 | 97.00 | NOTE | |
r-patched-linux-x86_64 | 1.0-4 | 7.67 | 36.32 | 43.99 | NOTE | |
r-patched-solaris-x86 | 1.0-4 | 78.70 | NOTE | |||
r-release-linux-x86_64 | 1.0-4 | 8.48 | 36.54 | 45.02 | NOTE | |
r-release-macos-x86_64 | 1.0-4 | NOTE | ||||
r-release-windows-ix86+x86_64 | 1.0-4 | 23.00 | 97.00 | 120.00 | NOTE | |
r-oldrel-macos-x86_64 | 1.0-4 | NOTE | ||||
r-oldrel-windows-ix86+x86_64 | 1.0-4 | 17.00 | 79.00 | 96.00 | NOTE |
Version: 1.0-4
Check: R code for possible problems
Result: NOTE
print.summary.rem: no visible global function definition for
'printCoefmat'
print.summary.rem: no visible global function definition for 'pnorm'
print.summary.rem: no visible binding for global variable 'quantile'
print.summary.rem: no visible global function definition for 'pchisq'
print.summary.rem.dyad: no visible global function definition for
'printCoefmat'
print.summary.rem.dyad: no visible global function definition for
'pnorm'
print.summary.rem.dyad: no visible global function definition for
'pchisq'
rem: no visible global function definition for 'rnorm'
rem: no visible global function definition for 'dnorm'
rem: no visible global function definition for 'runif'
rem: no visible global function definition for 'rchisq'
rem: no visible global function definition for 'cov'
rem.dyad: no visible global function definition for 'rnorm'
rem.dyad: no visible global function definition for 'optim'
rem.dyad: no visible global function definition for 'rchisq'
rem.dyad: no visible global function definition for 'quantile'
rem.dyad: no visible global function definition for 'sd'
rem.dyad: no visible global function definition for 'var'
rem.dyad.lprior: no visible global function definition for 'dnorm'
rem.dyad.lprior: no visible global function definition for 'dt'
Undefined global functions or variables:
cov dnorm dt optim pchisq pnorm printCoefmat quantile rchisq rnorm
runif sd var
Consider adding
importFrom("stats", "cov", "dnorm", "dt", "optim", "pchisq", "pnorm",
"printCoefmat", "quantile", "rchisq", "rnorm", "runif",
"sd", "var")
to your NAMESPACE file.
Flavors: r-devel-linux-x86_64-debian-clang, r-devel-linux-x86_64-debian-gcc, r-devel-linux-x86_64-fedora-clang, r-devel-linux-x86_64-fedora-gcc, r-devel-windows-ix86+x86_64, r-patched-linux-x86_64, r-patched-solaris-x86, r-release-linux-x86_64, r-release-macos-x86_64, r-release-windows-ix86+x86_64, r-oldrel-macos-x86_64, r-oldrel-windows-ix86+x86_64
Version: 1.0-4
Check: compiled code
Result: NOTE
File ‘relevent/libs/relevent.so’:
Found no calls to: ‘R_registerRoutines’, ‘R_useDynamicSymbols’
It is good practice to register native routines and to disable symbol
search.
See ‘Writing portable packages’ in the ‘Writing R Extensions’ manual.
Flavors: r-devel-linux-x86_64-fedora-clang, r-devel-linux-x86_64-fedora-gcc