Last updated on 2020-08-07 01:49:57 CEST.
| Flavor | Version | Tinstall | Tcheck | Ttotal | Status | Flags | 
|---|---|---|---|---|---|---|
| r-devel-linux-x86_64-debian-clang | 0.2.0 | 2.43 | 26.51 | 28.94 | OK | |
| r-devel-linux-x86_64-debian-gcc | 0.2.0 | 1.78 | 19.51 | 21.29 | ERROR | |
| r-devel-linux-x86_64-fedora-clang | 0.2.0 | 42.90 | OK | |||
| r-devel-linux-x86_64-fedora-gcc | 0.2.0 | 34.23 | OK | |||
| r-devel-windows-ix86+x86_64 | 0.2.0 | 10.00 | 81.00 | 91.00 | OK | |
| r-patched-linux-x86_64 | 0.2.0 | 2.11 | 26.34 | 28.45 | OK | |
| r-patched-solaris-x86 | 0.2.0 | 49.60 | OK | |||
| r-release-linux-x86_64 | 0.2.0 | 1.95 | 24.95 | 26.90 | ERROR | |
| r-release-macos-x86_64 | 0.2.0 | OK | ||||
| r-release-windows-ix86+x86_64 | 0.2.0 | 8.00 | 49.00 | 57.00 | ERROR | |
| r-oldrel-macos-x86_64 | 0.2.0 | OK | ||||
| r-oldrel-windows-ix86+x86_64 | 0.2.0 | 4.00 | 69.00 | 73.00 | OK | 
Version: 0.2.0
Check: tests
Result: ERROR
      Running ‘testthat.R’ [2s/26s]
    Running the tests in ‘tests/testthat.R’ failed.
    Complete output:
      > library(testthat)
      > library(rbiorxiv)
      > 
      > test_check("rbiorxiv")
      ── 1. Error: biorxiv_content returns (@test-biorxiv_content.R#6)  ──────────────
      no posts found
      Backtrace:
       1. testthat::expect_is(...)
       4. rbiorxiv::biorxiv_content(from = "2014-01-01", to = "2014-01-30")
       5. rbiorxiv:::query_interval(...)
       6. rbiorxiv:::fetch_content(url = url)
       7. rbiorxiv:::handle_response(request = request)
      
      ── 2. Error: biorxiv_published returns (@test-biorxiv_published.R#4)  ──────────
      lexical error: invalid char in json text.
                                             (2002) Connection refus
                           (right here) ------^
      Backtrace:
        1. testthat::expect_is(...)
        4. rbiorxiv::biorxiv_published(from = "2014-01-01", to = "2014-01-30")
        5. rbiorxiv:::fetch_content(url = url)
        6. rbiorxiv:::handle_response(request = request)
        8. httr::content(request, as = "parsed")
        9. httr:::parse_auto(raw, type, encoding, ...)
       10. httr:::parser(...)
       11. jsonlite::fromJSON(...)
       12. jsonlite:::parse_and_simplify(...)
       13. jsonlite:::parseJSON(txt, bigint_as_char)
       14. jsonlite:::parse_string(txt, bigint_as_char)
      
      ── 3. Error: biorxiv_publisher returns (@test-biorxiv_publisher.R#4)  ──────────
      lexical error: invalid char in json text.
                                             (2002) Connection refus
                           (right here) ------^
      Backtrace:
        1. testthat::expect_is(...)
        4. rbiorxiv::biorxiv_publisher(...)
        5. rbiorxiv:::fetch_content(url = url)
        6. rbiorxiv:::handle_response(request = request)
        8. httr::content(request, as = "parsed")
        9. httr:::parse_auto(raw, type, encoding, ...)
       10. httr:::parser(...)
       11. jsonlite::fromJSON(...)
       12. jsonlite:::parse_and_simplify(...)
       13. jsonlite:::parseJSON(txt, bigint_as_char)
       14. jsonlite:::parse_string(txt, bigint_as_char)
      
      ── 4. Error: biorxiv_summary returns (@test-biorxiv_summary.R#4)  ──────────────
      lexical error: invalid char in json text.
                                             (2002) Connection refus
                           (right here) ------^
      Backtrace:
        1. testthat::expect_is(biorxiv_summary(), "list")
        4. rbiorxiv::biorxiv_summary()
        5. rbiorxiv:::fetch_content(url = url)
        6. rbiorxiv:::handle_response(request = request)
        8. httr::content(request, as = "parsed")
        9. httr:::parse_auto(raw, type, encoding, ...)
       10. httr:::parser(...)
       11. jsonlite::fromJSON(...)
       12. jsonlite:::parse_and_simplify(...)
       13. jsonlite:::parseJSON(txt, bigint_as_char)
       14. jsonlite:::parse_string(txt, bigint_as_char)
      
      ── 5. Error: biorxiv_usage returns (@test-biorxiv_usage.R#4)  ──────────────────
      lexical error: invalid char in json text.
                                             (2002) Connection refus
                           (right here) ------^
      Backtrace:
        1. testthat::expect_is(biorxiv_usage(), "list")
        4. rbiorxiv::biorxiv_usage()
        5. rbiorxiv:::fetch_content(url = url)
        6. rbiorxiv:::handle_response(request = request)
        8. httr::content(request, as = "parsed")
        9. httr:::parse_auto(raw, type, encoding, ...)
       10. httr:::parser(...)
       11. jsonlite::fromJSON(...)
       12. jsonlite:::parse_and_simplify(...)
       13. jsonlite:::parseJSON(txt, bigint_as_char)
       14. jsonlite:::parse_string(txt, bigint_as_char)
      
      ══ testthat results  ═══════════════════════════════════════════════════════════
      [ OK: 47 | SKIPPED: 0 | WARNINGS: 0 | FAILED: 5 ]
      1. Error: biorxiv_content returns (@test-biorxiv_content.R#6) 
      2. Error: biorxiv_published returns (@test-biorxiv_published.R#4) 
      3. Error: biorxiv_publisher returns (@test-biorxiv_publisher.R#4) 
      4. Error: biorxiv_summary returns (@test-biorxiv_summary.R#4) 
      5. Error: biorxiv_usage returns (@test-biorxiv_usage.R#4) 
      
      Error: testthat unit tests failed
      Execution halted
Flavor: r-devel-linux-x86_64-debian-gcc
Version: 0.2.0
Check: tests
Result: ERROR
      Running ‘testthat.R’ [3s/7s]
    Running the tests in ‘tests/testthat.R’ failed.
    Complete output:
      > library(testthat)
      > library(rbiorxiv)
      > 
      > test_check("rbiorxiv")
      ── 1. Error: biorxiv_content returns (@test-biorxiv_content.R#4)  ──────────────
      lexical error: invalid char in json text.
                                             (2002) Connection refus
                           (right here) ------^
      Backtrace:
        1. testthat::expect_is(...)
        4. rbiorxiv::biorxiv_content(doi = "10.1101/673665")
        5. rbiorxiv:::query_doi(server = server, doi = doi)
        6. rbiorxiv:::fetch_content(url = url)
        7. rbiorxiv:::handle_response(request = request)
        9. httr::content(request, as = "parsed")
       10. httr:::parse_auto(raw, type, encoding, ...)
       11. httr:::parser(...)
       12. jsonlite::fromJSON(...)
       13. jsonlite:::parse_and_simplify(...)
       14. jsonlite:::parseJSON(txt, bigint_as_char)
       15. jsonlite:::parse_string(txt, bigint_as_char)
      
      ── 2. Error: biorxiv_published returns (@test-biorxiv_published.R#4)  ──────────
      lexical error: invalid char in json text.
                                             (2002) Connection refus
                           (right here) ------^
      Backtrace:
        1. testthat::expect_is(...)
        4. rbiorxiv::biorxiv_published(from = "2014-01-01", to = "2014-01-30")
        5. rbiorxiv:::fetch_content(url = url)
        6. rbiorxiv:::handle_response(request = request)
        8. httr::content(request, as = "parsed")
        9. httr:::parse_auto(raw, type, encoding, ...)
       10. httr:::parser(...)
       11. jsonlite::fromJSON(...)
       12. jsonlite:::parse_and_simplify(...)
       13. jsonlite:::parseJSON(txt, bigint_as_char)
       14. jsonlite:::parse_string(txt, bigint_as_char)
      
      ── 3. Error: biorxiv_publisher returns (@test-biorxiv_publisher.R#4)  ──────────
      lexical error: invalid char in json text.
                                             (2002) Connection refus
                           (right here) ------^
      Backtrace:
        1. testthat::expect_is(...)
        4. rbiorxiv::biorxiv_publisher(...)
        5. rbiorxiv:::fetch_content(url = url)
        6. rbiorxiv:::handle_response(request = request)
        8. httr::content(request, as = "parsed")
        9. httr:::parse_auto(raw, type, encoding, ...)
       10. httr:::parser(...)
       11. jsonlite::fromJSON(...)
       12. jsonlite:::parse_and_simplify(...)
       13. jsonlite:::parseJSON(txt, bigint_as_char)
       14. jsonlite:::parse_string(txt, bigint_as_char)
      
      ── 4. Error: biorxiv_summary returns (@test-biorxiv_summary.R#4)  ──────────────
      lexical error: invalid char in json text.
                                             (2002) Connection refus
                           (right here) ------^
      Backtrace:
        1. testthat::expect_is(biorxiv_summary(), "list")
        4. rbiorxiv::biorxiv_summary()
        5. rbiorxiv:::fetch_content(url = url)
        6. rbiorxiv:::handle_response(request = request)
        8. httr::content(request, as = "parsed")
        9. httr:::parse_auto(raw, type, encoding, ...)
       10. httr:::parser(...)
       11. jsonlite::fromJSON(...)
       12. jsonlite:::parse_and_simplify(...)
       13. jsonlite:::parseJSON(txt, bigint_as_char)
       14. jsonlite:::parse_string(txt, bigint_as_char)
      
      ── 5. Error: biorxiv_usage returns (@test-biorxiv_usage.R#4)  ──────────────────
      lexical error: invalid char in json text.
                                             (2002) Connection refus
                           (right here) ------^
      Backtrace:
        1. testthat::expect_is(biorxiv_usage(), "list")
        4. rbiorxiv::biorxiv_usage()
        5. rbiorxiv:::fetch_content(url = url)
        6. rbiorxiv:::handle_response(request = request)
        8. httr::content(request, as = "parsed")
        9. httr:::parse_auto(raw, type, encoding, ...)
       10. httr:::parser(...)
       11. jsonlite::fromJSON(...)
       12. jsonlite:::parse_and_simplify(...)
       13. jsonlite:::parseJSON(txt, bigint_as_char)
       14. jsonlite:::parse_string(txt, bigint_as_char)
      
      ══ testthat results  ═══════════════════════════════════════════════════════════
      [ OK: 46 | SKIPPED: 0 | WARNINGS: 0 | FAILED: 5 ]
      1. Error: biorxiv_content returns (@test-biorxiv_content.R#4) 
      2. Error: biorxiv_published returns (@test-biorxiv_published.R#4) 
      3. Error: biorxiv_publisher returns (@test-biorxiv_publisher.R#4) 
      4. Error: biorxiv_summary returns (@test-biorxiv_summary.R#4) 
      5. Error: biorxiv_usage returns (@test-biorxiv_usage.R#4) 
      
      Error: testthat unit tests failed
      Execution halted
Flavor: r-release-linux-x86_64
Version: 0.2.0
Check: tests
Result: ERROR
      Running 'testthat.R' [6s]
    Running the tests in 'tests/testthat.R' failed.
    Complete output:
      > library(testthat)
      > library(rbiorxiv)
      > 
      > test_check("rbiorxiv")
      -- 1. Error: biorxiv_content returns (@test-biorxiv_content.R#4)  --------------
      lexical error: invalid char in json text.
                                             (2002) Connection refus
                           (right here) ------^
      Backtrace:
        1. testthat::expect_is(...)
        4. rbiorxiv::biorxiv_content(doi = "10.1101/673665")
        5. rbiorxiv:::query_doi(server = server, doi = doi)
        6. rbiorxiv:::fetch_content(url = url)
        7. rbiorxiv:::handle_response(request = request)
        9. httr::content(request, as = "parsed")
       10. httr:::parse_auto(raw, type, encoding, ...)
       11. httr:::parser(...)
       12. jsonlite::fromJSON(...)
       13. jsonlite:::parse_and_simplify(...)
       14. jsonlite:::parseJSON(txt, bigint_as_char)
       15. jsonlite:::parse_string(txt, bigint_as_char)
      
      -- 2. Error: biorxiv_published returns (@test-biorxiv_published.R#4)  ----------
      lexical error: invalid char in json text.
                                             (2002) Connection refus
                           (right here) ------^
      Backtrace:
        1. testthat::expect_is(...)
        4. rbiorxiv::biorxiv_published(from = "2014-01-01", to = "2014-01-30")
        5. rbiorxiv:::fetch_content(url = url)
        6. rbiorxiv:::handle_response(request = request)
        8. httr::content(request, as = "parsed")
        9. httr:::parse_auto(raw, type, encoding, ...)
       10. httr:::parser(...)
       11. jsonlite::fromJSON(...)
       12. jsonlite:::parse_and_simplify(...)
       13. jsonlite:::parseJSON(txt, bigint_as_char)
       14. jsonlite:::parse_string(txt, bigint_as_char)
      
      -- 3. Error: biorxiv_publisher returns (@test-biorxiv_publisher.R#4)  ----------
      lexical error: invalid char in json text.
                                             (2002) Connection refus
                           (right here) ------^
      Backtrace:
        1. testthat::expect_is(...)
        4. rbiorxiv::biorxiv_publisher(...)
        5. rbiorxiv:::fetch_content(url = url)
        6. rbiorxiv:::handle_response(request = request)
        8. httr::content(request, as = "parsed")
        9. httr:::parse_auto(raw, type, encoding, ...)
       10. httr:::parser(...)
       11. jsonlite::fromJSON(...)
       12. jsonlite:::parse_and_simplify(...)
       13. jsonlite:::parseJSON(txt, bigint_as_char)
       14. jsonlite:::parse_string(txt, bigint_as_char)
      
      -- 4. Error: biorxiv_summary returns (@test-biorxiv_summary.R#4)  --------------
      lexical error: invalid char in json text.
                                             (2002) Connection refus
                           (right here) ------^
      Backtrace:
        1. testthat::expect_is(biorxiv_summary(), "list")
        4. rbiorxiv::biorxiv_summary()
        5. rbiorxiv:::fetch_content(url = url)
        6. rbiorxiv:::handle_response(request = request)
        8. httr::content(request, as = "parsed")
        9. httr:::parse_auto(raw, type, encoding, ...)
       10. httr:::parser(...)
       11. jsonlite::fromJSON(...)
       12. jsonlite:::parse_and_simplify(...)
       13. jsonlite:::parseJSON(txt, bigint_as_char)
       14. jsonlite:::parse_string(txt, bigint_as_char)
      
      -- 5. Error: biorxiv_usage returns (@test-biorxiv_usage.R#4)  ------------------
      lexical error: invalid char in json text.
                                             (2002) Connection refus
                           (right here) ------^
      Backtrace:
        1. testthat::expect_is(biorxiv_usage(), "list")
        4. rbiorxiv::biorxiv_usage()
        5. rbiorxiv:::fetch_content(url = url)
        6. rbiorxiv:::handle_response(request = request)
        8. httr::content(request, as = "parsed")
        9. httr:::parse_auto(raw, type, encoding, ...)
       10. httr:::parser(...)
       11. jsonlite::fromJSON(...)
       12. jsonlite:::parse_and_simplify(...)
       13. jsonlite:::parseJSON(txt, bigint_as_char)
       14. jsonlite:::parse_string(txt, bigint_as_char)
      
      == testthat results  ===========================================================
      [ OK: 46 | SKIPPED: 0 | WARNINGS: 0 | FAILED: 5 ]
      1. Error: biorxiv_content returns (@test-biorxiv_content.R#4) 
      2. Error: biorxiv_published returns (@test-biorxiv_published.R#4) 
      3. Error: biorxiv_publisher returns (@test-biorxiv_publisher.R#4) 
      4. Error: biorxiv_summary returns (@test-biorxiv_summary.R#4) 
      5. Error: biorxiv_usage returns (@test-biorxiv_usage.R#4) 
      
      Error: testthat unit tests failed
      Execution halted
Flavor: r-release-windows-ix86+x86_64