Last updated on 2020-08-07 01:49:56 CEST.
Flavor | Version | Tinstall | Tcheck | Ttotal | Status | Flags |
---|---|---|---|---|---|---|
r-devel-linux-x86_64-debian-clang | 1.2.2 | 65.85 | 148.90 | 214.75 | OK | |
r-devel-linux-x86_64-debian-gcc | 1.2.2 | 49.38 | 113.59 | 162.97 | OK | |
r-devel-linux-x86_64-fedora-clang | 1.2.2 | 293.73 | NOTE | |||
r-devel-linux-x86_64-fedora-gcc | 1.2.2 | 258.01 | OK | |||
r-devel-windows-ix86+x86_64 | 1.2.2 | 173.00 | 213.00 | 386.00 | OK | |
r-patched-linux-x86_64 | 1.2.2 | 51.22 | 144.04 | 195.26 | OK | |
r-patched-solaris-x86 | 1.2.2 | 331.80 | OK | |||
r-release-linux-x86_64 | 1.2.2 | 55.07 | 145.88 | 200.95 | OK | |
r-release-macos-x86_64 | 1.2.2 | NOTE | ||||
r-release-windows-ix86+x86_64 | 1.2.2 | 168.00 | 279.00 | 447.00 | OK | |
r-oldrel-macos-x86_64 | 1.2.2 | NOTE | ||||
r-oldrel-windows-ix86+x86_64 | 1.2.2 | 106.00 | 247.00 | 353.00 | OK |
Version: 1.2.2
Check: installed package size
Result: NOTE
installed size is 6.8Mb
sub-directories of 1Mb or more:
libs 5.1Mb
Flavors: r-devel-linux-x86_64-fedora-clang, r-release-macos-x86_64, r-oldrel-macos-x86_64