Last updated on 2020-08-07 01:49:56 CEST.
Flavor | Version | Tinstall | Tcheck | Ttotal | Status | Flags |
---|---|---|---|---|---|---|
r-devel-linux-x86_64-debian-clang | 1.1.0 | 87.71 | 270.55 | 358.26 | OK | |
r-devel-linux-x86_64-debian-gcc | 1.1.0 | 63.06 | 231.90 | 294.96 | OK | |
r-devel-linux-x86_64-fedora-clang | 1.1.0 | 454.40 | NOTE | |||
r-devel-linux-x86_64-fedora-gcc | 1.1.0 | 436.82 | NOTE | |||
r-devel-windows-ix86+x86_64 | 1.1.0 | 223.00 | 377.00 | 600.00 | OK | |
r-patched-linux-x86_64 | 1.1.0 | 68.86 | 263.14 | 332.00 | OK | |
r-patched-solaris-x86 | 1.1.0 | 628.90 | NOTE | |||
r-release-linux-x86_64 | 1.1.0 | 63.53 | 259.48 | 323.01 | OK | |
r-release-macos-x86_64 | 1.1.0 | NOTE | ||||
r-release-windows-ix86+x86_64 | 1.1.0 | 214.00 | 375.00 | 589.00 | OK | |
r-oldrel-macos-x86_64 | 1.1.0 | NOTE | ||||
r-oldrel-windows-ix86+x86_64 | 1.1.0 | 145.00 | 264.00 | 409.00 | OK |
Version: 1.1.0
Check: dependencies in R code
Result: NOTE
Namespaces in Imports field not imported from:
‘comat’ ‘rgdal’
All declared Imports should be used.
Flavors: r-devel-linux-x86_64-fedora-clang, r-devel-linux-x86_64-fedora-gcc, r-patched-solaris-x86, r-release-macos-x86_64, r-oldrel-macos-x86_64