Last updated on 2020-08-07 01:49:57 CEST.
| Flavor | Version | Tinstall | Tcheck | Ttotal | Status | Flags | 
|---|---|---|---|---|---|---|
| r-devel-linux-x86_64-debian-clang | 0.2.0.1 | 43.29 | 126.96 | 170.25 | OK | |
| r-devel-linux-x86_64-debian-gcc | 0.2.0.1 | 33.60 | 91.50 | 125.10 | OK | |
| r-devel-linux-x86_64-fedora-clang | 0.2.0.1 | 206.03 | NOTE | |||
| r-devel-linux-x86_64-fedora-gcc | 0.2.0.1 | 192.32 | OK | |||
| r-devel-windows-ix86+x86_64 | 0.2.0.1 | 35.00 | 7.00 | 42.00 | ERROR | |
| r-patched-linux-x86_64 | 0.2.0.1 | 39.83 | 116.25 | 156.08 | OK | |
| r-patched-solaris-x86 | 0.2.0.1 | 208.70 | WARN | |||
| r-release-linux-x86_64 | 0.2.0.1 | 38.02 | 115.66 | 153.68 | OK | |
| r-release-macos-x86_64 | 0.2.0.1 | WARN | ||||
| r-release-windows-ix86+x86_64 | 0.2.0.1 | 110.00 | 232.00 | 342.00 | NOTE | |
| r-oldrel-macos-x86_64 | 0.2.0.1 | WARN | ||||
| r-oldrel-windows-ix86+x86_64 | 0.2.0.1 | 76.00 | 166.00 | 242.00 | NOTE | 
Version: 0.2.0.1
Check: installed package size
Result: NOTE
      installed size is  9.8Mb
      sub-directories of 1Mb or more:
        doc    6.5Mb
        libs   2.5Mb
Flavors: r-devel-linux-x86_64-fedora-clang, r-patched-solaris-x86, r-release-macos-x86_64, r-release-windows-ix86+x86_64, r-oldrel-macos-x86_64, r-oldrel-windows-ix86+x86_64
Version: 0.2.0.1
Check: whether package can be installed
Result: ERROR
    Installation failed.
Flavor: r-devel-windows-ix86+x86_64
Version: 0.2.0.1
Check: re-building of vignette outputs
Result: WARN
    Error(s) in re-building vignettes:
      ...
    --- re-building ‘getting-started.Rmd’ using rmarkdown
    Warning in engine$weave(file, quiet = quiet, encoding = enc) :
      Pandoc (>= 1.12.3) and/or pandoc-citeproc not available. Falling back to R Markdown v1.
    
    Attaching package: 'rENA'
    
    The following object is masked from 'package:methods':
    
        show
    
    Loading required package: ggplot2
    
    Attaching package: 'plotly'
    
    The following object is masked from 'package:ggplot2':
    
        last_plot
    
    The following object is masked from 'package:stats':
    
        filter
    
    The following object is masked from 'package:graphics':
    
        layout
    
    Quitting from lines 107-117 (getting-started.Rmd) 
    Error: processing vignette 'getting-started.Rmd' failed with diagnostics:
    there is no package called 'webshot'
    --- failed re-building ‘getting-started.Rmd’
    
    --- re-building ‘means-rotation.Rmd’ using rmarkdown
    Warning in engine$weave(file, quiet = quiet, encoding = enc) :
      Pandoc (>= 1.12.3) and/or pandoc-citeproc not available. Falling back to R Markdown v1.
    Loading required package: ggplot2
    
    Attaching package: 'plotly'
    
    The following object is masked from 'package:ggplot2':
    
        last_plot
    
    The following object is masked from 'package:stats':
    
        filter
    
    The following object is masked from 'package:graphics':
    
        layout
    
    
    Attaching package: 'rENA'
    
    The following object is masked from 'package:methods':
    
        show
    
    Quitting from lines 56-82 (means-rotation.Rmd) 
    Error: processing vignette 'means-rotation.Rmd' failed with diagnostics:
    there is no package called 'webshot'
    --- failed re-building ‘means-rotation.Rmd’
    
    SUMMARY: processing the following files failed:
      ‘getting-started.Rmd’ ‘means-rotation.Rmd’
    
    Error: Vignette re-building failed.
    Execution halted
Flavor: r-patched-solaris-x86
Version: 0.2.0.1
Check: re-building of vignette outputs
Result: WARN
    Error(s) in re-building vignettes:
    --- re-building ‘getting-started.Rmd’ using rmarkdown
    Warning in engine$weave(file, quiet = quiet, encoding = enc) :
      Pandoc (>= 1.12.3) and/or pandoc-citeproc not available. Falling back to R Markdown v1.
    
    Attaching package: 'rENA'
    
    The following object is masked from 'package:methods':
    
        show
    
    Loading required package: ggplot2
    
    Attaching package: 'plotly'
    
    The following object is masked from 'package:ggplot2':
    
        last_plot
    
    The following object is masked from 'package:stats':
    
        filter
    
    The following object is masked from 'package:graphics':
    
        layout
    
    Quitting from lines 107-117 (getting-started.Rmd) 
    Error: processing vignette 'getting-started.Rmd' failed with diagnostics:
    cannot open the connection
    --- failed re-building ‘getting-started.Rmd’
    
    --- re-building ‘means-rotation.Rmd’ using rmarkdown
    Warning in engine$weave(file, quiet = quiet, encoding = enc) :
      Pandoc (>= 1.12.3) and/or pandoc-citeproc not available. Falling back to R Markdown v1.
    Loading required package: ggplot2
    
    Attaching package: 'plotly'
    
    The following object is masked from 'package:ggplot2':
    
        last_plot
    
    The following object is masked from 'package:stats':
    
        filter
    
    The following object is masked from 'package:graphics':
    
        layout
    
    
    Attaching package: 'rENA'
    
    The following object is masked from 'package:methods':
    
        show
    
    Quitting from lines 56-82 (means-rotation.Rmd) 
    Error: processing vignette 'means-rotation.Rmd' failed with diagnostics:
    cannot open the connection
    --- failed re-building ‘means-rotation.Rmd’
    
    SUMMARY: processing the following files failed:
      ‘getting-started.Rmd’ ‘means-rotation.Rmd’
    
    Error: Vignette re-building failed.
    Execution halted
Flavors: r-release-macos-x86_64, r-oldrel-macos-x86_64