Last updated on 2020-08-07 01:49:57 CEST.
Flavor | Version | Tinstall | Tcheck | Ttotal | Status | Flags |
---|---|---|---|---|---|---|
r-devel-linux-x86_64-debian-clang | 1.0.6 | 3.92 | 36.88 | 40.80 | NOTE | |
r-devel-linux-x86_64-debian-gcc | 1.0.6 | 3.07 | 28.66 | 31.73 | NOTE | |
r-devel-linux-x86_64-fedora-clang | 1.0.6 | 59.96 | NOTE | |||
r-devel-linux-x86_64-fedora-gcc | 1.0.6 | 50.51 | NOTE | |||
r-devel-windows-ix86+x86_64 | 1.0.6 | 13.00 | 51.00 | 64.00 | NOTE | |
r-patched-linux-x86_64 | 1.0.6 | 3.51 | 37.03 | 40.54 | NOTE | |
r-patched-solaris-x86 | 1.0.6 | 80.60 | NOTE | |||
r-release-linux-x86_64 | 1.0.6 | 3.71 | 37.03 | 40.74 | NOTE | |
r-release-macos-x86_64 | 1.0.6 | NOTE | ||||
r-release-windows-ix86+x86_64 | 1.0.6 | 10.00 | 51.00 | 61.00 | NOTE | |
r-oldrel-macos-x86_64 | 1.0.6 | NOTE | ||||
r-oldrel-windows-ix86+x86_64 | 1.0.6 | 7.00 | 51.00 | 58.00 | NOTE |
Version: 1.0.6
Check: DESCRIPTION meta-information
Result: NOTE
Malformed Description field: should contain one or more complete sentences.
Flavors: r-devel-linux-x86_64-debian-clang, r-devel-linux-x86_64-debian-gcc, r-devel-linux-x86_64-fedora-clang, r-devel-linux-x86_64-fedora-gcc, r-devel-windows-ix86+x86_64, r-patched-linux-x86_64, r-patched-solaris-x86, r-release-linux-x86_64, r-release-macos-x86_64, r-release-windows-ix86+x86_64, r-oldrel-macos-x86_64, r-oldrel-windows-ix86+x86_64
Version: 1.0.6
Check: R code for possible problems
Result: NOTE
.onAttach: no visible global function definition for
'packageDescription'
rselect.list: no visible global function definition for 'select.list'
Undefined global functions or variables:
packageDescription select.list
Consider adding
importFrom("utils", "packageDescription", "select.list")
to your NAMESPACE file.
Flavors: r-devel-linux-x86_64-debian-clang, r-devel-linux-x86_64-debian-gcc, r-devel-linux-x86_64-fedora-clang, r-devel-linux-x86_64-fedora-gcc, r-devel-windows-ix86+x86_64, r-patched-linux-x86_64, r-patched-solaris-x86, r-release-linux-x86_64, r-release-macos-x86_64, r-release-windows-ix86+x86_64, r-oldrel-macos-x86_64, r-oldrel-windows-ix86+x86_64