Last updated on 2020-08-07 01:49:56 CEST.
| Flavor | Version | Tinstall | Tcheck | Ttotal | Status | Flags | 
|---|---|---|---|---|---|---|
| r-devel-linux-x86_64-debian-clang | 2.1.13 | 16.63 | 117.26 | 133.89 | OK | |
| r-devel-linux-x86_64-debian-gcc | 2.1.13 | 13.68 | 84.85 | 98.53 | OK | |
| r-devel-linux-x86_64-fedora-clang | 2.1.13 | 149.95 | NOTE | |||
| r-devel-linux-x86_64-fedora-gcc | 2.1.13 | 133.21 | OK | |||
| r-devel-windows-ix86+x86_64 | 2.1.13 | 51.00 | 154.00 | 205.00 | NOTE | |
| r-patched-linux-x86_64 | 2.1.13 | 15.75 | 106.88 | 122.63 | OK | |
| r-patched-solaris-x86 | 2.1.13 | 176.20 | NOTE | |||
| r-release-linux-x86_64 | 2.1.13 | 16.50 | 106.21 | 122.71 | OK | |
| r-release-macos-x86_64 | 2.1.13 | NOTE | ||||
| r-release-windows-ix86+x86_64 | 2.1.13 | 48.00 | 194.00 | 242.00 | NOTE | |
| r-oldrel-macos-x86_64 | 2.1.13 | NOTE | ||||
| r-oldrel-windows-ix86+x86_64 | 2.1.13 | 31.00 | 148.00 | 179.00 | NOTE | 
Version: 2.1.13
Check: installed package size
Result: NOTE
      installed size is 12.0Mb
      sub-directories of 1Mb or more:
        api           3.2Mb
        htmlwidgets   7.1Mb
Flavors: r-devel-linux-x86_64-fedora-clang, r-devel-windows-ix86+x86_64, r-patched-solaris-x86, r-release-macos-x86_64, r-release-windows-ix86+x86_64, r-oldrel-macos-x86_64, r-oldrel-windows-ix86+x86_64