Last updated on 2020-08-07 01:49:56 CEST.
Flavor | Version | Tinstall | Tcheck | Ttotal | Status | Flags |
---|---|---|---|---|---|---|
r-devel-linux-x86_64-debian-clang | 0.941 | 2.69 | 22.90 | 25.59 | NOTE | |
r-devel-linux-x86_64-debian-gcc | 0.941 | 2.00 | 17.62 | 19.62 | NOTE | |
r-devel-linux-x86_64-fedora-clang | 0.941 | 39.55 | NOTE | |||
r-devel-linux-x86_64-fedora-gcc | 0.941 | 29.76 | NOTE | |||
r-devel-windows-ix86+x86_64 | 0.941 | 8.00 | 31.00 | 39.00 | NOTE | |
r-patched-linux-x86_64 | 0.941 | 3.14 | 22.29 | 25.43 | NOTE | |
r-patched-solaris-x86 | 0.941 | 43.90 | NOTE | |||
r-release-linux-x86_64 | 0.941 | 3.02 | 22.25 | 25.27 | NOTE | |
r-release-macos-x86_64 | 0.941 | NOTE | ||||
r-release-windows-ix86+x86_64 | 0.941 | 6.00 | 42.00 | 48.00 | NOTE | |
r-oldrel-macos-x86_64 | 0.941 | NOTE | ||||
r-oldrel-windows-ix86+x86_64 | 0.941 | 5.00 | 40.00 | 45.00 | NOTE |
Version: 0.941
Check: DESCRIPTION meta-information
Result: NOTE
Malformed Description field: should contain one or more complete sentences.
Flavors: r-devel-linux-x86_64-debian-clang, r-devel-linux-x86_64-debian-gcc, r-devel-linux-x86_64-fedora-clang, r-devel-linux-x86_64-fedora-gcc, r-devel-windows-ix86+x86_64, r-patched-linux-x86_64, r-patched-solaris-x86, r-release-linux-x86_64, r-release-macos-x86_64, r-release-windows-ix86+x86_64, r-oldrel-macos-x86_64, r-oldrel-windows-ix86+x86_64
Version: 0.941
Check: R code for possible problems
Result: NOTE
ci.length: no visible global function definition for 'qexp'
detectable.bc: no visible global function definition for 'uniroot'
detectable.f2: no visible global function definition for 'uniroot'
detectable.ri: no visible global function definition for 'uniroot'
nu: no visible global function definition for 'pnorm'
nullinfo: no visible global function definition for 'qnorm'
nullinfo: no visible global function definition for 'dnorm'
optselection.bc: no visible global function definition for 'optimize'
optselection.f2: no visible global function definition for 'optimize'
optspacing.bc: no visible global function definition for 'optim'
optspacing.bc: no visible global function definition for 'optimize'
optspacing.f2: no visible global function definition for 'optim'
optspacing.f2: no visible global function definition for 'optimize'
powercalc.bc: no visible global function definition for 'pchisq'
powercalc.f2: no visible global function definition for 'pchisq'
samplesize.bc: no visible global function definition for 'uniroot'
samplesize.f2: no visible global function definition for 'uniroot'
samplesize.ri: no visible global function definition for 'uniroot'
tailprob: no visible global function definition for 'pchisq'
thresh: no visible global function definition for 'uniroot'
Undefined global functions or variables:
dnorm optim optimize pchisq pnorm qexp qnorm uniroot
Consider adding
importFrom("stats", "dnorm", "optim", "optimize", "pchisq", "pnorm",
"qexp", "qnorm", "uniroot")
to your NAMESPACE file.
Flavors: r-devel-linux-x86_64-debian-clang, r-devel-linux-x86_64-debian-gcc, r-devel-linux-x86_64-fedora-clang, r-devel-linux-x86_64-fedora-gcc, r-devel-windows-ix86+x86_64, r-patched-linux-x86_64, r-patched-solaris-x86, r-release-linux-x86_64, r-release-macos-x86_64, r-release-windows-ix86+x86_64, r-oldrel-macos-x86_64, r-oldrel-windows-ix86+x86_64
Version: 0.941
Check: Rd cross-references
Result: NOTE
Undeclared package ‘qtl’ in Rd xrefs
Flavor: r-devel-linux-x86_64-fedora-clang