Last updated on 2020-08-07 01:49:56 CEST.
| Flavor | Version | Tinstall | Tcheck | Ttotal | Status | Flags | 
|---|---|---|---|---|---|---|
| r-devel-linux-x86_64-debian-clang | 0.2.11 | 9.52 | 413.23 | 422.75 | NOTE | |
| r-devel-linux-x86_64-debian-gcc | 0.2.11 | 8.85 | 302.06 | 310.91 | NOTE | |
| r-devel-linux-x86_64-fedora-clang | 0.2.11 | 503.54 | NOTE | |||
| r-devel-linux-x86_64-fedora-gcc | 0.2.11 | 447.86 | NOTE | |||
| r-devel-windows-ix86+x86_64 | 0.2.11 | 32.00 | 509.00 | 541.00 | NOTE | |
| r-patched-linux-x86_64 | 0.2.11 | 10.96 | 377.76 | 388.72 | NOTE | |
| r-patched-solaris-x86 | 0.2.11 | 777.60 | NOTE | |||
| r-release-linux-x86_64 | 0.2.11 | 10.30 | 371.89 | 382.19 | NOTE | |
| r-release-macos-x86_64 | 0.2.11 | NOTE | ||||
| r-release-windows-ix86+x86_64 | 0.2.11 | 28.00 | 398.00 | 426.00 | NOTE | |
| r-oldrel-macos-x86_64 | 0.2.11 | NOTE | ||||
| r-oldrel-windows-ix86+x86_64 | 0.2.11 | 16.00 | 382.00 | 398.00 | NOTE | 
Version: 0.2.11
Check: package vignettes
Result: NOTE
    Package vignette with placeholder title 'Vignette Title':
      'TargetDecoyFDR_Example.Rmd'
Flavors: r-devel-linux-x86_64-debian-clang, r-devel-linux-x86_64-debian-gcc, r-devel-windows-ix86+x86_64, r-patched-linux-x86_64, r-release-linux-x86_64, r-release-windows-ix86+x86_64
Version: 0.2.11
Check: installed package size
Result: NOTE
      installed size is  5.6Mb
      sub-directories of 1Mb or more:
        data      1.7Mb
        extdata   2.3Mb
Flavors: r-devel-linux-x86_64-fedora-clang, r-devel-windows-ix86+x86_64, r-patched-solaris-x86, r-release-macos-x86_64, r-release-windows-ix86+x86_64, r-oldrel-macos-x86_64, r-oldrel-windows-ix86+x86_64
Version: 0.2.11
Check: dependencies in R code
Result: NOTE
    Namespaces in Imports field not imported from:
      ‘dplyr’ ‘readr’
      All declared Imports should be used.
Flavors: r-devel-linux-x86_64-fedora-clang, r-devel-linux-x86_64-fedora-gcc, r-patched-solaris-x86, r-release-macos-x86_64, r-oldrel-macos-x86_64