Last updated on 2020-08-07 01:49:55 CEST.
| Flavor | Version | Tinstall | Tcheck | Ttotal | Status | Flags | 
|---|---|---|---|---|---|---|
| r-devel-linux-x86_64-debian-clang | 1.4-0 | 2.64 | 30.09 | 32.73 | NOTE | |
| r-devel-linux-x86_64-debian-gcc | 1.4-0 | 2.12 | 23.46 | 25.58 | NOTE | |
| r-devel-linux-x86_64-fedora-clang | 1.4-0 | 47.65 | OK | |||
| r-devel-linux-x86_64-fedora-gcc | 1.4-0 | 39.49 | OK | |||
| r-devel-windows-ix86+x86_64 | 1.4-0 | 8.00 | 49.00 | 57.00 | NOTE | |
| r-patched-linux-x86_64 | 1.4-0 | 2.33 | 30.33 | 32.66 | NOTE | |
| r-patched-solaris-x86 | 1.4-0 | 51.60 | OK | |||
| r-release-linux-x86_64 | 1.4-0 | 2.29 | 29.77 | 32.06 | NOTE | |
| r-release-macos-x86_64 | 1.4-0 | OK | ||||
| r-release-windows-ix86+x86_64 | 1.4-0 | 10.00 | 61.00 | 71.00 | NOTE | |
| r-oldrel-macos-x86_64 | 1.4-0 | WARN | ||||
| r-oldrel-windows-ix86+x86_64 | 1.4-0 | 5.00 | 43.00 | 48.00 | OK | 
Version: 1.4-0
Check: package vignettes
Result: NOTE
    Package vignette with placeholder title 'Vignette Title':
      'polynomials.Rmd'
Flavors: r-devel-linux-x86_64-debian-clang, r-devel-linux-x86_64-debian-gcc, r-devel-windows-ix86+x86_64, r-patched-linux-x86_64, r-release-linux-x86_64, r-release-windows-ix86+x86_64
Version: 1.4-0
Check: re-building of vignette outputs
Result: WARN
    Error(s) in re-building vignettes:
      ...
    --- re-building ‘polynomials.Rmd’ using rmarkdown
    Warning in engine$weave(file, quiet = quiet, encoding = enc) :
      Pandoc (>= 1.12.3) and/or pandoc-citeproc not available. Falling back to R Markdown v1.
    Error: processing vignette 'polynomials.Rmd' failed with diagnostics:
    there is no package called 'stringi'
    --- failed re-building ‘polynomials.Rmd’
    
    SUMMARY: processing the following file failed:
      ‘polynomials.Rmd’
    
    Error: Vignette re-building failed.
    Execution halted
Flavor: r-oldrel-macos-x86_64