Last updated on 2020-08-07 01:49:55 CEST.
Flavor | Version | Tinstall | Tcheck | Ttotal | Status | Flags |
---|---|---|---|---|---|---|
r-devel-linux-x86_64-debian-clang | 0.1.3 | 1.92 | 23.84 | 25.76 | OK | |
r-devel-linux-x86_64-debian-gcc | 0.1.3 | 1.63 | 18.81 | 20.44 | OK | |
r-devel-linux-x86_64-fedora-clang | 0.1.3 | 39.31 | NOTE | |||
r-devel-linux-x86_64-fedora-gcc | 0.1.3 | 29.90 | NOTE | |||
r-devel-windows-ix86+x86_64 | 0.1.3 | 7.00 | 58.00 | 65.00 | OK | |
r-patched-linux-x86_64 | 0.1.3 | 1.95 | 23.55 | 25.50 | OK | |
r-patched-solaris-x86 | 0.1.3 | 49.90 | NOTE | |||
r-release-linux-x86_64 | 0.1.3 | 2.08 | 27.25 | 29.33 | OK | |
r-release-macos-x86_64 | 0.1.3 | NOTE | ||||
r-release-windows-ix86+x86_64 | 0.1.3 | 7.00 | 42.00 | 49.00 | OK | |
r-oldrel-macos-x86_64 | 0.1.3 | NOTE | ||||
r-oldrel-windows-ix86+x86_64 | 0.1.3 | 5.00 | 42.00 | 47.00 | OK |
Version: 0.1.3
Check: data for non-ASCII characters
Result: NOTE
Note: found 9 marked UTF-8 strings
Flavors: r-devel-linux-x86_64-fedora-clang, r-devel-linux-x86_64-fedora-gcc, r-patched-solaris-x86, r-release-macos-x86_64, r-oldrel-macos-x86_64