Last updated on 2020-08-07 01:49:55 CEST.
Flavor | Version | Tinstall | Tcheck | Ttotal | Status | Flags |
---|---|---|---|---|---|---|
r-devel-linux-x86_64-debian-clang | 0.0.1 | 2.41 | 28.64 | 31.05 | OK | |
r-devel-linux-x86_64-debian-gcc | 0.0.1 | 2.41 | 22.46 | 24.87 | OK | |
r-devel-linux-x86_64-fedora-clang | 0.0.1 | 46.26 | NOTE | |||
r-devel-linux-x86_64-fedora-gcc | 0.0.1 | 36.86 | NOTE | |||
r-devel-windows-ix86+x86_64 | 0.0.1 | 16.00 | 49.00 | 65.00 | OK | |
r-patched-linux-x86_64 | 0.0.1 | 2.90 | 28.29 | 31.19 | OK | |
r-patched-solaris-x86 | 0.0.1 | 60.20 | NOTE | |||
r-release-linux-x86_64 | 0.0.1 | 3.09 | 29.14 | 32.23 | OK | |
r-release-macos-x86_64 | 0.0.1 | NOTE | ||||
r-release-windows-ix86+x86_64 | 0.0.1 | 14.00 | 61.00 | 75.00 | OK | |
r-oldrel-macos-x86_64 | 0.0.1 | NOTE | ||||
r-oldrel-windows-ix86+x86_64 | 0.0.1 | 7.00 | 42.00 | 49.00 | OK |
Version: 0.0.1
Check: dependencies in R code
Result: NOTE
Namespaces in Imports field not imported from:
‘argonDash’ ‘argonR’ ‘colourpicker’ ‘ggplot2’ ‘grid’ ‘hexSticker’
‘png’ ‘shinyWidgets’
All declared Imports should be used.
Flavors: r-devel-linux-x86_64-fedora-clang, r-devel-linux-x86_64-fedora-gcc, r-patched-solaris-x86, r-release-macos-x86_64, r-oldrel-macos-x86_64