Last updated on 2020-08-07 01:49:55 CEST.
Flavor | Version | Tinstall | Tcheck | Ttotal | Status | Flags |
---|---|---|---|---|---|---|
r-devel-linux-x86_64-debian-clang | 1.0.1 | 2.27 | 26.06 | 28.33 | NOTE | |
r-devel-linux-x86_64-debian-gcc | 1.0.1 | 1.61 | 19.42 | 21.03 | NOTE | |
r-devel-linux-x86_64-fedora-clang | 1.0.1 | 41.27 | NOTE | |||
r-devel-linux-x86_64-fedora-gcc | 1.0.1 | 32.27 | NOTE | |||
r-devel-windows-ix86+x86_64 | 1.0.1 | 7.00 | 38.00 | 45.00 | NOTE | |
r-patched-linux-x86_64 | 1.0.1 | 2.06 | 25.41 | 27.47 | NOTE | |
r-patched-solaris-x86 | 1.0.1 | 46.90 | NOTE | |||
r-release-linux-x86_64 | 1.0.1 | 1.87 | 26.05 | 27.92 | NOTE | |
r-release-macos-x86_64 | 1.0.1 | NOTE | ||||
r-release-windows-ix86+x86_64 | 1.0.1 | 7.00 | 62.00 | 69.00 | NOTE | |
r-oldrel-macos-x86_64 | 1.0.1 | NOTE | ||||
r-oldrel-windows-ix86+x86_64 | 1.0.1 | 4.00 | 50.00 | 54.00 | NOTE |
Version: 1.0.1
Check: top-level files
Result: NOTE
Non-standard file/directory found at top level:
'TODO.md'
Flavors: r-devel-linux-x86_64-debian-clang, r-devel-linux-x86_64-debian-gcc, r-devel-linux-x86_64-fedora-clang, r-devel-linux-x86_64-fedora-gcc, r-patched-linux-x86_64, r-release-linux-x86_64
Version: 1.0.1
Check: dependencies in R code
Result: NOTE
'library' or 'require' call to 'rgenoud' in package code.
Please use :: or requireNamespace() instead.
See section 'Suggested packages' in the 'Writing R Extensions' manual.
Flavors: r-devel-linux-x86_64-debian-clang, r-devel-linux-x86_64-debian-gcc, r-devel-linux-x86_64-fedora-clang, r-devel-linux-x86_64-fedora-gcc, r-devel-windows-ix86+x86_64, r-patched-linux-x86_64, r-patched-solaris-x86, r-release-linux-x86_64, r-release-macos-x86_64, r-release-windows-ix86+x86_64, r-oldrel-macos-x86_64, r-oldrel-windows-ix86+x86_64
Version: 1.0.1
Check: R code for possible problems
Result: NOTE
smooth: no visible global function definition for 'genoud'
Undefined global functions or variables:
genoud
Flavors: r-devel-linux-x86_64-debian-clang, r-devel-linux-x86_64-debian-gcc, r-devel-linux-x86_64-fedora-clang, r-devel-linux-x86_64-fedora-gcc, r-devel-windows-ix86+x86_64, r-patched-linux-x86_64, r-patched-solaris-x86, r-release-linux-x86_64, r-release-macos-x86_64, r-release-windows-ix86+x86_64
Version: 1.0.1
Check: R code for possible problems
Result: NOTE
plot.sigma: no visible global function definition for ‘plot’
smooth: no visible global function definition for ‘genoud’
Undefined global functions or variables:
genoud plot
Consider adding
importFrom("graphics", "plot")
to your NAMESPACE file.
Flavors: r-oldrel-macos-x86_64, r-oldrel-windows-ix86+x86_64