Last updated on 2020-08-07 01:49:55 CEST.
Flavor | Version | Tinstall | Tcheck | Ttotal | Status | Flags |
---|---|---|---|---|---|---|
r-devel-linux-x86_64-debian-clang | 1.3 | 5.66 | 47.49 | 53.15 | NOTE | |
r-devel-linux-x86_64-debian-gcc | 1.3 | 5.57 | 35.35 | 40.92 | NOTE | |
r-devel-linux-x86_64-fedora-clang | 1.3 | 71.95 | NOTE | |||
r-devel-linux-x86_64-fedora-gcc | 1.3 | 60.64 | NOTE | |||
r-devel-windows-ix86+x86_64 | 1.3 | 16.00 | 70.00 | 86.00 | NOTE | |
r-patched-linux-x86_64 | 1.3 | 6.19 | 45.69 | 51.88 | NOTE | |
r-patched-solaris-x86 | 1.3 | 90.40 | NOTE | |||
r-release-linux-x86_64 | 1.3 | 5.57 | 46.39 | 51.96 | NOTE | |
r-release-macos-x86_64 | 1.3 | NOTE | ||||
r-release-windows-ix86+x86_64 | 1.3 | 16.00 | 96.00 | 112.00 | NOTE | |
r-oldrel-macos-x86_64 | 1.3 | NOTE | ||||
r-oldrel-windows-ix86+x86_64 | 1.3 | 11.00 | 90.00 | 101.00 | NOTE |
Version: 1.3
Check: R code for possible problems
Result: NOTE
PLD_interface: no visible global function definition for 'read.table'
PLD_interface: no visible global function definition for 'write.table'
PLD_loc_mrca: no visible global function definition for 'barplot'
PLD_plot_stat_mig: no visible global function definition for 'density'
PLD_plot_stat_mig: no visible global function definition for 'rainbow'
PLD_plot_stat_mig: no visible global function definition for 'lines'
PLD_plot_stat_mig: no visible global function definition for 'legend'
PLD_plot_trees: no visible global function definition for 'par'
break_node_height_tie: no visible global function definition for
'qnorm'
break_node_height_tie: no visible global function definition for
'runif'
break_node_height_tie: no visible global function definition for
'pnorm'
effSaSize: no visible global function definition for 'acf'
effSaSize: no visible global function definition for 'sd'
mcmc_phyloland: no visible global function definition for 'write.table'
mcmc_phyloland: no visible global function definition for 'par'
mcmc_phyloland: no visible global function definition for 'barplot'
mcmc_phyloland: no visible global function definition for 'hist'
mcmc_phyloland: no visible global function definition for 'title'
mcmc_phyloland: no visible global function definition for 'runif'
read_loc: no visible global function definition for 'read.table'
read_space: no visible global function definition for 'read.table'
sigma_upperlim: no visible global function definition for 'pnorm'
space_dist: no visible global function definition for 'dist'
stat_phyloland: no visible global function definition for 'density'
stat_phyloland: no visible global function definition for 'quantile'
Undefined global functions or variables:
acf barplot density dist hist legend lines par pnorm qnorm quantile
rainbow read.table runif sd title write.table
Consider adding
importFrom("grDevices", "rainbow")
importFrom("graphics", "barplot", "hist", "legend", "lines", "par",
"title")
importFrom("stats", "acf", "density", "dist", "pnorm", "qnorm",
"quantile", "runif", "sd")
importFrom("utils", "read.table", "write.table")
to your NAMESPACE file.
Flavors: r-devel-linux-x86_64-debian-clang, r-devel-linux-x86_64-debian-gcc, r-devel-linux-x86_64-fedora-clang, r-devel-linux-x86_64-fedora-gcc, r-devel-windows-ix86+x86_64, r-patched-linux-x86_64, r-patched-solaris-x86, r-release-linux-x86_64, r-release-macos-x86_64, r-release-windows-ix86+x86_64
Version: 1.3
Check: compiled code
Result: NOTE
File ‘phyloland/libs/phyloland.so’:
Found no calls to: ‘R_registerRoutines’, ‘R_useDynamicSymbols’
It is good practice to register native routines and to disable symbol
search.
See ‘Writing portable packages’ in the ‘Writing R Extensions’ manual.
Flavors: r-devel-linux-x86_64-fedora-clang, r-devel-linux-x86_64-fedora-gcc
Version: 1.3
Check: R code for possible problems
Result: NOTE
PLD_interface: no visible global function definition for ‘read.table’
PLD_interface: no visible global function definition for ‘write.table’
PLD_loc_mrca: no visible global function definition for ‘barplot’
PLD_plot_stat_mig: no visible global function definition for ‘density’
PLD_plot_stat_mig: no visible global function definition for ‘rainbow’
PLD_plot_stat_mig: no visible global function definition for ‘plot’
PLD_plot_stat_mig: no visible global function definition for ‘lines’
PLD_plot_stat_mig: no visible global function definition for ‘legend’
PLD_plot_trees: no visible global function definition for ‘par’
break_node_height_tie: no visible global function definition for
‘qnorm’
break_node_height_tie: no visible global function definition for
‘runif’
break_node_height_tie: no visible global function definition for
‘pnorm’
effSaSize: no visible global function definition for ‘acf’
effSaSize: no visible global function definition for ‘sd’
mcmc_phyloland: no visible global function definition for ‘write.table’
mcmc_phyloland: no visible global function definition for ‘par’
mcmc_phyloland: no visible global function definition for ‘barplot’
mcmc_phyloland: no visible global function definition for ‘hist’
mcmc_phyloland: no visible global function definition for ‘title’
mcmc_phyloland: no visible global function definition for ‘runif’
read_loc: no visible global function definition for ‘read.table’
read_space: no visible global function definition for ‘read.table’
sigma_upperlim: no visible global function definition for ‘pnorm’
space_dist: no visible global function definition for ‘dist’
stat_phyloland: no visible global function definition for ‘density’
stat_phyloland: no visible global function definition for ‘quantile’
Undefined global functions or variables:
acf barplot density dist hist legend lines par plot pnorm qnorm
quantile rainbow read.table runif sd title write.table
Consider adding
importFrom("grDevices", "rainbow")
importFrom("graphics", "barplot", "hist", "legend", "lines", "par",
"plot", "title")
importFrom("stats", "acf", "density", "dist", "pnorm", "qnorm",
"quantile", "runif", "sd")
importFrom("utils", "read.table", "write.table")
to your NAMESPACE file.
Flavors: r-oldrel-macos-x86_64, r-oldrel-windows-ix86+x86_64