Last updated on 2020-08-07 01:49:55 CEST.
| Flavor | Version | Tinstall | Tcheck | Ttotal | Status | Flags | 
|---|---|---|---|---|---|---|
| r-devel-linux-x86_64-debian-clang | 0.10.1 | 4.95 | 49.10 | 54.05 | OK | |
| r-devel-linux-x86_64-debian-gcc | 0.10.1 | 4.22 | 38.13 | 42.35 | OK | |
| r-devel-linux-x86_64-fedora-clang | 0.10.1 | 73.34 | OK | |||
| r-devel-linux-x86_64-fedora-gcc | 0.10.1 | 68.94 | OK | |||
| r-devel-windows-ix86+x86_64 | 0.10.1 | 18.00 | 59.00 | 77.00 | OK | |
| r-patched-linux-x86_64 | 0.10.1 | 4.48 | 49.28 | 53.76 | OK | |
| r-patched-solaris-x86 | 0.10.1 | 92.70 | OK | |||
| r-release-linux-x86_64 | 0.10.1 | 4.86 | 48.78 | 53.64 | OK | |
| r-release-macos-x86_64 | 0.10.1 | OK | ||||
| r-release-windows-ix86+x86_64 | 0.10.1 | 20.00 | 79.00 | 99.00 | OK | |
| r-oldrel-macos-x86_64 | 0.10.1 | WARN | ||||
| r-oldrel-windows-ix86+x86_64 | 0.10.1 | 10.00 | 57.00 | 67.00 | OK | 
Version: 0.10.1
Check: whether package can be installed
Result: WARN
    Found the following significant warnings:
      Warning: 'rgl_init' failed, running with rgl.useNULL = TRUE
Flavor: r-oldrel-macos-x86_64
Version: 0.10.1
Check: dependencies in R code
Result: NOTE
    No protocol specified
Flavor: r-oldrel-macos-x86_64
Version: 0.10.1
Check: S3 generic/method consistency
Result: WARN
    No protocol specified
    See section ‘Generic functions and methods’ in the ‘Writing R
    Extensions’ manual.
Flavor: r-oldrel-macos-x86_64
Version: 0.10.1
Check: replacement functions
Result: WARN
    No protocol specified
    The argument of a replacement function which corresponds to the right
    hand side must be named ‘value’.
Flavor: r-oldrel-macos-x86_64
Version: 0.10.1
Check: foreign function calls
Result: NOTE
    No protocol specified
    See chapter ‘System and foreign language interfaces’ in the ‘Writing R
    Extensions’ manual.
Flavor: r-oldrel-macos-x86_64
Version: 0.10.1
Check: R code for possible problems
Result: NOTE
    No protocol specified
Flavor: r-oldrel-macos-x86_64
Version: 0.10.1
Check: for missing documentation entries
Result: WARN
    No protocol specified
    All user-level objects in a package should have documentation entries.
    See chapter ‘Writing R documentation files’ in the ‘Writing R
    Extensions’ manual.
Flavor: r-oldrel-macos-x86_64
Version: 0.10.1
Check: for code/documentation mismatches
Result: WARN
    No protocol specified
    No protocol specified
    No protocol specified
Flavor: r-oldrel-macos-x86_64
Version: 0.10.1
Check: Rd \usage sections
Result: NOTE
    No protocol specified
    The \usage entries for S3 methods should use the \method markup and not
    their full name.
    See chapter ‘Writing R documentation files’ in the ‘Writing R
    Extensions’ manual.
Flavor: r-oldrel-macos-x86_64