Last updated on 2020-08-07 01:49:54 CEST.
Flavor | Version | Tinstall | Tcheck | Ttotal | Status | Flags |
---|---|---|---|---|---|---|
r-devel-linux-x86_64-debian-clang | 1.0.0 | 53.73 | 206.24 | 259.97 | NOTE | |
r-devel-linux-x86_64-debian-gcc | 1.0.0 | 44.74 | 142.79 | 187.53 | NOTE | |
r-devel-linux-x86_64-fedora-clang | 1.0.0 | 361.77 | NOTE | |||
r-devel-linux-x86_64-fedora-gcc | 1.0.0 | 337.85 | NOTE | |||
r-devel-windows-ix86+x86_64 | 1.0.0 | 164.00 | 348.00 | 512.00 | NOTE | |
r-patched-linux-x86_64 | 1.0.0 | 44.89 | 200.83 | 245.72 | NOTE | |
r-patched-solaris-x86 | 1.0.0 | 499.30 | NOTE | |||
r-release-linux-x86_64 | 1.0.0 | 45.75 | 207.23 | 252.98 | NOTE | |
r-release-macos-x86_64 | 1.0.0 | NOTE | ||||
r-release-windows-ix86+x86_64 | 1.0.0 | 159.00 | 248.00 | 407.00 | NOTE | |
r-oldrel-macos-x86_64 | 1.0.0 | NOTE | ||||
r-oldrel-windows-ix86+x86_64 | 1.0.0 | 112.00 | 264.00 | 376.00 | NOTE |
Version: 1.0.0
Check: for GNU extensions in Makefiles
Result: NOTE
GNU make is a SystemRequirements.
Flavors: r-devel-linux-x86_64-debian-clang, r-devel-linux-x86_64-debian-gcc, r-devel-linux-x86_64-fedora-clang, r-devel-linux-x86_64-fedora-gcc, r-devel-windows-ix86+x86_64, r-patched-linux-x86_64, r-patched-solaris-x86, r-release-linux-x86_64, r-release-macos-x86_64, r-release-windows-ix86+x86_64, r-oldrel-macos-x86_64, r-oldrel-windows-ix86+x86_64
Version: 1.0.0
Check: installed package size
Result: NOTE
installed size is 5.1Mb
sub-directories of 1Mb or more:
doc 1.4Mb
libs 2.8Mb
Flavor: r-devel-linux-x86_64-fedora-clang