Last updated on 2020-08-07 01:49:54 CEST.
Flavor | Version | Tinstall | Tcheck | Ttotal | Status | Flags |
---|---|---|---|---|---|---|
r-devel-linux-x86_64-debian-clang | 1.5.3-4 | 3.64 | 23.31 | 26.95 | OK | |
r-devel-linux-x86_64-debian-gcc | 1.5.3-4 | 3.03 | 17.86 | 20.89 | OK | |
r-devel-linux-x86_64-fedora-clang | 1.5.3-4 | 42.76 | NOTE | |||
r-devel-linux-x86_64-fedora-gcc | 1.5.3-4 | 33.74 | NOTE | |||
r-devel-windows-ix86+x86_64 | 1.5.3-4 | 11.00 | 34.00 | 45.00 | NOTE | |
r-patched-linux-x86_64 | 1.5.3-4 | 3.90 | 22.83 | 26.73 | OK | |
r-patched-solaris-x86 | 1.5.3-4 | 62.60 | NOTE | |||
r-release-linux-x86_64 | 1.5.3-4 | 3.51 | 23.74 | 27.25 | OK | |
r-release-macos-x86_64 | 1.5.3-4 | NOTE | ||||
r-release-windows-ix86+x86_64 | 1.5.3-4 | 11.00 | 32.00 | 43.00 | NOTE | |
r-oldrel-macos-x86_64 | 1.5.3-4 | NOTE | ||||
r-oldrel-windows-ix86+x86_64 | 1.5.3-4 | 8.00 | 33.00 | 41.00 | NOTE |
Version: 1.5.3-4
Check: installed package size
Result: NOTE
installed size is 7.2Mb
sub-directories of 1Mb or more:
java 1.2Mb
models 6.0Mb
Flavors: r-devel-linux-x86_64-fedora-clang, r-devel-windows-ix86+x86_64, r-patched-solaris-x86, r-release-macos-x86_64, r-release-windows-ix86+x86_64, r-oldrel-macos-x86_64, r-oldrel-windows-ix86+x86_64
Version: 1.5.3-4
Check: top-level files
Result: NOTE
possible bashism in configure line 52 (test -a/-o):
if test ${java_version_maj} -ge 5 || \
test ${java_version_maj} -eq 1 -a ${java_version_min} -ge 5;
Flavors: r-devel-linux-x86_64-fedora-clang, r-devel-linux-x86_64-fedora-gcc