CRAN Package Check Results for Package oncrawlR

Last updated on 2020-08-07 01:49:54 CEST.

Flavor Version Tinstall Tcheck Ttotal Status Flags
r-devel-linux-x86_64-debian-clang 0.2.0 3.83 32.85 36.68 OK
r-devel-linux-x86_64-debian-gcc 0.2.0 3.06 25.51 28.57 OK
r-devel-linux-x86_64-fedora-clang 0.2.0 51.22 NOTE
r-devel-linux-x86_64-fedora-gcc 0.2.0 41.81 NOTE
r-devel-windows-ix86+x86_64 0.2.0 20.00 67.00 87.00 OK
r-patched-linux-x86_64 0.2.0 3.02 32.16 35.18 OK
r-patched-solaris-x86 0.2.0 74.10 NOTE
r-release-linux-x86_64 0.2.0 2.31 32.15 34.46 OK
r-release-macos-x86_64 0.2.0 NOTE
r-release-windows-ix86+x86_64 0.2.0 20.00 47.00 67.00 OK
r-oldrel-macos-x86_64 0.2.0 NOTE
r-oldrel-windows-ix86+x86_64 0.2.0 7.00 39.00 46.00 OK

Check Details

Version: 0.2.0
Check: package dependencies
Result: NOTE
    Imports includes 21 non-default packages.
    Importing from so many packages makes the package vulnerable to any of
    them becoming unavailable. Move as many as possible to Suggests and
    use conditionally.
Flavor: r-devel-linux-x86_64-fedora-clang

Version: 0.2.0
Check: dependencies in R code
Result: NOTE
    Namespaces in Imports field not imported from:
     ‘e1071’ ‘fs’ ‘pdp’
     All declared Imports should be used.
Flavors: r-devel-linux-x86_64-fedora-clang, r-devel-linux-x86_64-fedora-gcc, r-patched-solaris-x86, r-release-macos-x86_64, r-oldrel-macos-x86_64