Last updated on 2020-08-07 01:49:54 CEST.
Flavor | Version | Tinstall | Tcheck | Ttotal | Status | Flags |
---|---|---|---|---|---|---|
r-devel-linux-x86_64-debian-clang | 0.1.0 | 6.85 | 22.99 | 29.84 | OK | |
r-devel-linux-x86_64-debian-gcc | 0.1.0 | 6.52 | 18.59 | 25.11 | OK | |
r-devel-linux-x86_64-fedora-clang | 0.1.0 | 46.45 | NOTE | |||
r-devel-linux-x86_64-fedora-gcc | 0.1.0 | 37.26 | OK | |||
r-devel-windows-ix86+x86_64 | 0.1.0 | 16.00 | 33.00 | 49.00 | OK | |
r-patched-linux-x86_64 | 0.1.0 | 6.60 | 22.70 | 29.30 | OK | |
r-patched-solaris-x86 | 0.1.0 | 59.20 | OK | |||
r-release-linux-x86_64 | 0.1.0 | 7.13 | 23.20 | 30.33 | OK | |
r-release-macos-x86_64 | 0.1.0 | OK | ||||
r-release-windows-ix86+x86_64 | 0.1.0 | 13.00 | 41.00 | 54.00 | OK | |
r-oldrel-macos-x86_64 | 0.1.0 | OK | ||||
r-oldrel-windows-ix86+x86_64 | 0.1.0 | 11.00 | 44.00 | 55.00 | OK |
Version: 0.1.0
Check: Rd cross-references
Result: NOTE
Undeclared package ‘lubridate’ in Rd xrefs
Flavor: r-devel-linux-x86_64-fedora-clang