Last updated on 2020-08-07 01:49:54 CEST.
Flavor | Version | Tinstall | Tcheck | Ttotal | Status | Flags |
---|---|---|---|---|---|---|
r-devel-linux-x86_64-debian-clang | 0.1.2 | 4.19 | 40.22 | 44.41 | OK | |
r-devel-linux-x86_64-debian-gcc | 0.1.2 | 3.21 | 30.49 | 33.70 | OK | |
r-devel-linux-x86_64-fedora-clang | 0.1.2 | 60.87 | NOTE | |||
r-devel-linux-x86_64-fedora-gcc | 0.1.2 | 53.18 | OK | |||
r-devel-windows-ix86+x86_64 | 0.1.2 | 18.00 | 73.00 | 91.00 | OK | |
r-patched-linux-x86_64 | 0.1.2 | 3.71 | 38.30 | 42.01 | OK | |
r-patched-solaris-x86 | 0.1.2 | 72.50 | OK | |||
r-release-linux-x86_64 | 0.1.2 | 4.25 | 38.85 | 43.10 | OK | |
r-release-macos-x86_64 | 0.1.2 | OK | ||||
r-release-windows-ix86+x86_64 | 0.1.2 | 17.00 | 48.00 | 65.00 | OK | |
r-oldrel-macos-x86_64 | 0.1.2 | OK | ||||
r-oldrel-windows-ix86+x86_64 | 0.1.2 | 7.00 | 49.00 | 56.00 | OK |
Version: 0.1.2
Check: Rd cross-references
Result: NOTE
Undeclared packages ‘ensurer’, ‘validate’ in Rd xrefs
Flavor: r-devel-linux-x86_64-fedora-clang