Last updated on 2020-08-07 01:49:54 CEST.
Flavor | Version | Tinstall | Tcheck | Ttotal | Status | Flags |
---|---|---|---|---|---|---|
r-devel-linux-x86_64-debian-clang | 0.3.0 | 2.86 | 18.54 | 21.40 | OK | |
r-devel-linux-x86_64-debian-gcc | 0.3.0 | 2.28 | 15.05 | 17.33 | OK | |
r-devel-linux-x86_64-fedora-clang | 0.3.0 | 34.74 | NOTE | |||
r-devel-linux-x86_64-fedora-gcc | 0.3.0 | 25.35 | NOTE | |||
r-devel-windows-ix86+x86_64 | 0.3.0 | 8.00 | 27.00 | 35.00 | OK | |
r-patched-linux-x86_64 | 0.3.0 | 2.56 | 18.89 | 21.45 | OK | |
r-patched-solaris-x86 | 0.3.0 | 43.30 | NOTE | |||
r-release-linux-x86_64 | 0.3.0 | 2.76 | 18.80 | 21.56 | OK | |
r-release-macos-x86_64 | 0.3.0 | NOTE | ||||
r-release-windows-ix86+x86_64 | 0.3.0 | 7.00 | 34.00 | 41.00 | OK | |
r-oldrel-macos-x86_64 | 0.3.0 | NOTE | ||||
r-oldrel-windows-ix86+x86_64 | 0.3.0 | 6.00 | 35.00 | 41.00 | OK |
Version: 0.3.0
Check: data for non-ASCII characters
Result: NOTE
Note: found 7284 marked UTF-8 strings
Flavors: r-devel-linux-x86_64-fedora-clang, r-devel-linux-x86_64-fedora-gcc, r-patched-solaris-x86, r-release-macos-x86_64, r-oldrel-macos-x86_64