Last updated on 2020-08-07 01:49:53 CEST.
| Flavor | Version | Tinstall | Tcheck | Ttotal | Status | Flags | 
|---|---|---|---|---|---|---|
| r-devel-linux-x86_64-debian-clang | 1.0.3 | 12.87 | 36.44 | 49.31 | OK | |
| r-devel-linux-x86_64-debian-gcc | 1.0.3 | 12.05 | 29.51 | 41.56 | OK | |
| r-devel-linux-x86_64-fedora-clang | 1.0.3 | 70.83 | NOTE | |||
| r-devel-linux-x86_64-fedora-gcc | 1.0.3 | 64.31 | OK | |||
| r-devel-windows-ix86+x86_64 | 1.0.3 | 27.00 | 51.00 | 78.00 | NOTE | |
| r-patched-linux-x86_64 | 1.0.3 | 12.96 | 36.69 | 49.65 | OK | |
| r-patched-solaris-x86 | 1.0.3 | 110.40 | NOTE | |||
| r-release-linux-x86_64 | 1.0.3 | 12.75 | 36.65 | 49.40 | OK | |
| r-release-macos-x86_64 | 1.0.3 | NOTE | ||||
| r-release-windows-ix86+x86_64 | 1.0.3 | 27.00 | 68.00 | 95.00 | NOTE | |
| r-oldrel-macos-x86_64 | 1.0.3 | NOTE | ||||
| r-oldrel-windows-ix86+x86_64 | 1.0.3 | 18.00 | 47.00 | 65.00 | NOTE | 
Version: 1.0.3
Check: installed package size
Result: NOTE
      installed size is  6.2Mb
      sub-directories of 1Mb or more:
        data   5.9Mb
Flavors: r-devel-linux-x86_64-fedora-clang, r-devel-windows-ix86+x86_64, r-patched-solaris-x86, r-release-macos-x86_64, r-release-windows-ix86+x86_64, r-oldrel-macos-x86_64, r-oldrel-windows-ix86+x86_64