Last updated on 2020-08-07 01:49:53 CEST.
Flavor | Version | Tinstall | Tcheck | Ttotal | Status | Flags |
---|---|---|---|---|---|---|
r-devel-linux-x86_64-debian-clang | 1.0 | 2.12 | 15.57 | 17.69 | OK | |
r-devel-linux-x86_64-debian-gcc | 1.0 | 1.55 | 12.73 | 14.28 | OK | |
r-devel-linux-x86_64-fedora-clang | 1.0 | 29.56 | NOTE | |||
r-devel-linux-x86_64-fedora-gcc | 1.0 | 20.99 | OK | |||
r-devel-windows-ix86+x86_64 | 1.0 | 6.00 | 23.00 | 29.00 | NOTE | |
r-patched-linux-x86_64 | 1.0 | 1.80 | 15.62 | 17.42 | OK | |
r-patched-solaris-x86 | 1.0 | 34.80 | NOTE | |||
r-release-linux-x86_64 | 1.0 | 2.13 | 15.43 | 17.56 | OK | |
r-release-macos-x86_64 | 1.0 | NOTE | ||||
r-release-windows-ix86+x86_64 | 1.0 | 4.00 | 33.00 | 37.00 | NOTE | |
r-oldrel-macos-x86_64 | 1.0 | NOTE | ||||
r-oldrel-windows-ix86+x86_64 | 1.0 | 4.00 | 31.00 | 35.00 | NOTE |
Version: 1.0
Check: installed package size
Result: NOTE
installed size is 7.7Mb
sub-directories of 1Mb or more:
data 7.6Mb
Flavors: r-devel-linux-x86_64-fedora-clang, r-devel-windows-ix86+x86_64, r-patched-solaris-x86, r-release-macos-x86_64, r-release-windows-ix86+x86_64, r-oldrel-macos-x86_64, r-oldrel-windows-ix86+x86_64