Last updated on 2020-08-07 01:49:53 CEST.
Flavor | Version | Tinstall | Tcheck | Ttotal | Status | Flags |
---|---|---|---|---|---|---|
r-devel-linux-x86_64-debian-clang | 2013.03.29 | 2.22 | 46.16 | 48.38 | NOTE | |
r-devel-linux-x86_64-debian-gcc | 2013.03.29 | 1.88 | 37.23 | 39.11 | NOTE | |
r-devel-linux-x86_64-fedora-clang | 2013.03.29 | 67.13 | NOTE | |||
r-devel-linux-x86_64-fedora-gcc | 2013.03.29 | 57.36 | NOTE | |||
r-devel-windows-ix86+x86_64 | 2013.03.29 | 7.00 | 53.00 | 60.00 | NOTE | |
r-patched-linux-x86_64 | 2013.03.29 | 2.24 | 45.50 | 47.74 | NOTE | |
r-patched-solaris-x86 | 2013.03.29 | 101.20 | NOTE | |||
r-release-linux-x86_64 | 2013.03.29 | 2.47 | 45.32 | 47.79 | NOTE | |
r-release-macos-x86_64 | 2013.03.29 | NOTE | ||||
r-release-windows-ix86+x86_64 | 2013.03.29 | 6.00 | 64.00 | 70.00 | NOTE | |
r-oldrel-macos-x86_64 | 2013.03.29 | NOTE | ||||
r-oldrel-windows-ix86+x86_64 | 2013.03.29 | 5.00 | 70.00 | 75.00 | NOTE |
Version: 2013.03.29
Check: DESCRIPTION meta-information
Result: NOTE
Malformed Description field: should contain one or more complete sentences.
Flavors: r-devel-linux-x86_64-debian-clang, r-devel-linux-x86_64-debian-gcc, r-devel-linux-x86_64-fedora-clang, r-devel-linux-x86_64-fedora-gcc, r-devel-windows-ix86+x86_64, r-patched-linux-x86_64, r-patched-solaris-x86, r-release-linux-x86_64, r-release-macos-x86_64, r-release-windows-ix86+x86_64, r-oldrel-macos-x86_64, r-oldrel-windows-ix86+x86_64
Version: 2013.03.29
Check: R code for possible problems
Result: NOTE
ncbit : FUN: no visible global function definition for 'read.table'
ncbit : FUN: no visible global function definition for 'head'
Undefined global functions or variables:
head read.table
Consider adding
importFrom("utils", "head", "read.table")
to your NAMESPACE file.
Flavors: r-devel-linux-x86_64-debian-clang, r-devel-linux-x86_64-debian-gcc, r-devel-linux-x86_64-fedora-clang, r-devel-linux-x86_64-fedora-gcc, r-devel-windows-ix86+x86_64, r-patched-linux-x86_64, r-patched-solaris-x86, r-release-linux-x86_64, r-release-macos-x86_64, r-release-windows-ix86+x86_64, r-oldrel-macos-x86_64, r-oldrel-windows-ix86+x86_64
Version: 2013.03.29
Check: installed package size
Result: NOTE
installed size is 9.5Mb
sub-directories of 1Mb or more:
data 9.4Mb
Flavors: r-devel-linux-x86_64-fedora-clang, r-devel-windows-ix86+x86_64, r-patched-solaris-x86, r-release-macos-x86_64, r-release-windows-ix86+x86_64, r-oldrel-macos-x86_64, r-oldrel-windows-ix86+x86_64