Last updated on 2020-08-07 01:49:52 CEST.
Flavor | Version | Tinstall | Tcheck | Ttotal | Status | Flags |
---|---|---|---|---|---|---|
r-devel-linux-x86_64-debian-clang | 1.0 | 2.55 | 18.22 | 20.77 | OK | |
r-devel-linux-x86_64-debian-gcc | 1.0 | 1.91 | 14.54 | 16.45 | OK | |
r-devel-linux-x86_64-fedora-clang | 1.0 | 34.17 | OK | |||
r-devel-linux-x86_64-fedora-gcc | 1.0 | 23.44 | OK | |||
r-devel-windows-ix86+x86_64 | 1.0 | 9.00 | 26.00 | 35.00 | OK | |
r-patched-linux-x86_64 | 1.0 | 1.93 | 18.54 | 20.47 | OK | |
r-patched-solaris-x86 | 1.0 | 42.50 | NOTE | |||
r-release-linux-x86_64 | 1.0 | 2.39 | 18.61 | 21.00 | OK | |
r-release-macos-x86_64 | 1.0 | OK | ||||
r-release-windows-ix86+x86_64 | 1.0 | 8.00 | 31.00 | 39.00 | OK | |
r-oldrel-macos-x86_64 | 1.0 | OK | ||||
r-oldrel-windows-ix86+x86_64 | 1.0 | 7.00 | 34.00 | 41.00 | OK |
Version: 1.0
Check: installed package size
Result: NOTE
installed size is 5.3Mb
sub-directories of 1Mb or more:
extdata 5.2Mb
Flavor: r-patched-solaris-x86