Last updated on 2020-08-07 01:49:51 CEST.
Flavor | Version | Tinstall | Tcheck | Ttotal | Status | Flags |
---|---|---|---|---|---|---|
r-devel-linux-x86_64-debian-clang | 0.9.3 | 9.21 | 103.39 | 112.60 | OK | |
r-devel-linux-x86_64-debian-gcc | 0.9.3 | 8.09 | 77.22 | 85.31 | OK | |
r-devel-linux-x86_64-fedora-clang | 0.9.3 | 139.95 | OK | |||
r-devel-linux-x86_64-fedora-gcc | 0.9.3 | 133.85 | OK | |||
r-devel-windows-ix86+x86_64 | 0.9.3 | 34.00 | 122.00 | 156.00 | OK | |
r-patched-linux-x86_64 | 0.9.3 | 10.20 | 99.99 | 110.19 | OK | |
r-patched-solaris-x86 | 0.9.3 | 170.60 | OK | |||
r-release-linux-x86_64 | 0.9.3 | 9.72 | 101.58 | 111.30 | OK | |
r-release-macos-x86_64 | 0.9.3 | OK | ||||
r-release-windows-ix86+x86_64 | 0.9.3 | 31.00 | 147.00 | 178.00 | OK | |
r-oldrel-macos-x86_64 | 0.9.3 | WARN | ||||
r-oldrel-windows-ix86+x86_64 | 0.9.3 | 19.00 | 107.00 | 126.00 | OK |
Version: 0.9.3
Check: whether package can be installed
Result: WARN
Found the following significant warnings:
Warning: 'rgl.init' failed, running with 'rgl.useNULL = TRUE'.
Flavor: r-oldrel-macos-x86_64