Last updated on 2020-08-07 01:49:51 CEST.
Flavor | Version | Tinstall | Tcheck | Ttotal | Status | Flags |
---|---|---|---|---|---|---|
r-devel-linux-x86_64-debian-clang | 0.3.3 | 357.84 | 51.68 | 409.52 | OK | |
r-devel-linux-x86_64-debian-gcc | 0.3.3 | 342.83 | 39.26 | 382.09 | OK | |
r-devel-linux-x86_64-fedora-clang | 0.3.3 | 519.68 | NOTE | |||
r-devel-linux-x86_64-fedora-gcc | 0.3.3 | 638.59 | OK | |||
r-devel-windows-ix86+x86_64 | 0.3.3 | 798.00 | 116.00 | 914.00 | NOTE | |
r-patched-linux-x86_64 | 0.3.3 | 444.42 | 50.95 | 495.37 | OK | |
r-patched-solaris-x86 | 0.3.3 | 447.30 | NOTE | |||
r-release-linux-x86_64 | 0.3.3 | 445.28 | 50.70 | 495.98 | OK | |
r-release-macos-x86_64 | 0.3.3 | NOTE | ||||
r-release-windows-ix86+x86_64 | 0.3.3 | 787.00 | 129.00 | 916.00 | NOTE | |
r-oldrel-macos-x86_64 | 0.3.3 | NOTE | ||||
r-oldrel-windows-ix86+x86_64 | 0.3.3 | 589.00 | 98.00 | 687.00 | NOTE |
Version: 0.3.3
Check: installed package size
Result: NOTE
installed size is 47.7Mb
sub-directories of 1Mb or more:
data 1.3Mb
doc 1.6Mb
htmlwidgets 2.0Mb
libs 42.4Mb
Flavors: r-devel-linux-x86_64-fedora-clang, r-devel-windows-ix86+x86_64, r-patched-solaris-x86, r-release-macos-x86_64, r-release-windows-ix86+x86_64, r-oldrel-macos-x86_64, r-oldrel-windows-ix86+x86_64