Last updated on 2020-08-07 01:49:51 CEST.
Flavor | Version | Tinstall | Tcheck | Ttotal | Status | Flags |
---|---|---|---|---|---|---|
r-devel-linux-x86_64-debian-clang | 2.4.1 | 10.23 | 73.91 | 84.14 | NOTE | |
r-devel-linux-x86_64-debian-gcc | 2.4.1 | 8.50 | 55.45 | 63.95 | NOTE | |
r-devel-linux-x86_64-fedora-clang | 2.4.1 | 110.62 | NOTE | |||
r-devel-linux-x86_64-fedora-gcc | 2.4.1 | 101.64 | NOTE | |||
r-devel-windows-ix86+x86_64 | 2.4.1 | 36.00 | 79.00 | 115.00 | OK | |
r-patched-linux-x86_64 | 2.4.1 | 10.66 | 72.96 | 83.62 | NOTE | |
r-patched-solaris-x86 | 2.4.1 | 123.20 | NOTE | |||
r-release-linux-x86_64 | 2.4.1 | 11.34 | 72.78 | 84.12 | NOTE | |
r-release-macos-x86_64 | 2.4.1 | OK | ||||
r-release-windows-ix86+x86_64 | 2.4.1 | 34.00 | 112.00 | 146.00 | OK | |
r-oldrel-macos-x86_64 | 2.4.1 | WARN | ||||
r-oldrel-windows-ix86+x86_64 | 2.4.1 | 19.00 | 106.00 | 125.00 | OK |
Version: 2.4.1
Check: for non-standard things in the check directory
Result: NOTE
Found the following files/directories:
'main.tex' 'scene.asy'
Flavors: r-devel-linux-x86_64-debian-clang, r-devel-linux-x86_64-debian-gcc, r-devel-linux-x86_64-fedora-clang, r-devel-linux-x86_64-fedora-gcc, r-patched-linux-x86_64, r-patched-solaris-x86, r-release-linux-x86_64
Version: 2.4.1
Check: whether package can be installed
Result: WARN
Found the following significant warnings:
Warning: 'rgl_init' failed, running with rgl.useNULL = TRUE
Flavor: r-oldrel-macos-x86_64